{"id":13,"date":"2023-05-25T15:10:26","date_gmt":"2023-05-25T13:10:26","guid":{"rendered":"https:\/\/blog.zhaw.ch\/vielfalt\/?page_id=13"},"modified":"2023-06-02T14:10:26","modified_gmt":"2023-06-02T12:10:26","slug":"impressum","status":"publish","type":"page","link":"https:\/\/blog.zhaw.ch\/vielfalt\/impressum\/","title":{"rendered":"Impressum"},"content":{"rendered":"\n<h2 class=\"wp-block-heading\" id=\"h-vielfalt\">VielfALT<\/h2>\n\n\n\n<p>Ein Blog der ZHAW Z\u00fcrcher Hochschule f\u00fcr Angewandte Wissenschaften<br><br>ZHAW Z\u00fcrcher Hochschule f\u00fcr Angewandte Wissenschaften<br>Angewandte Gerontologie AGe+<br><br>ZHAW Gesundheit<br>Katharina-Sulzer-Platz 9<br>Postfach 147<br>8401 Winterthur<br><br>Tel. +41 58 934 89 29<br>E-Mail <a href=\"mailto:koordination-gerontologie@zhaw.ch\">koordination-gerontologie@zhaw.ch<\/a><br>Web: <a href=\"https:\/\/www.zhaw.ch\/de\/forschung\/departementsuebergreifende-kooperationen\/angewandte-gerontologie\/\">https:\/\/www.zhaw.ch\/de\/forschung\/departementsuebergreifende-kooperationen\/angewandte-gerontologie\/<\/a><br><br>Verantwortliche Redaktor:innen:<br>Nicole Anja Baur, Katharina Fierz, Dieter Sulzer, Dorit van Meel<br><br>Erweiterte Redaktion:<br>Dozierende, Forschende, Studierende, AbsolventInnen, Berufsexper:innen sowie weitere Gastautor:innen<br><br>Gastbeitr\u00e4ge willkommen<br><br>Du m\u00f6chtest auch etwas schreiben oder hast Anregungen? Wir freuen uns ebenfalls \u00fcber Kommentare zu den Beitr\u00e4gen und w\u00fcnschen uns einen konstruktiven Dialog. Gerne ver\u00f6ffentlichen wir auch Gastbeitr\u00e4ge. M\u00f6chtest du einen Post f\u00fcr den Blog verfassen? Dann melde dich mit deinem Vorschlag bitte unter <a href=\"mailto:koordination-gerontologie@zhaw.ch\">koordination-gerontologie@zhaw.ch<\/a>.<br><br>Nur Mut! Einen Leitfaden1 f\u00fcr das Erstellen eines Blogbeitrags findest du hier.<br><br>Mehr \u00fcber die Aufgaben und Ziele von AGe+ erf\u00e4hrst du auf der Seite <a href=\"https:\/\/blog.zhaw.ch\/vielfalt\/ueber-uns\/\">\u00ab\u00fcber uns\u00bb<\/a> oder hier: <a href=\"https:\/\/www.zhaw.ch\/de\/forschung\/departementsuebergreifende-kooperationen\/angewandte-gerontologie\/\">https:\/\/www.zhaw.ch\/de\/forschung\/departementsuebergreifende-kooperationen\/angewandte-gerontologie\/<\/a><\/p>\n","protected":false},"excerpt":{"rendered":"<p>VielfALT Ein Blog der ZHAW Z\u00fcrcher Hochschule f\u00fcr Angewandte Wissenschaften ZHAW Z\u00fcrcher Hochschule f\u00fcr Angewandte WissenschaftenAngewandte Gerontologie AGe+ ZHAW GesundheitKatharina-Sulzer-Platz 9Postfach 1478401 Winterthur Tel. +41 58 934 89 29E-Mail koordination-gerontologie@zhaw.chWeb: https:\/\/www.zhaw.ch\/de\/forschung\/departementsuebergreifende-kooperationen\/angewandte-gerontologie\/ Verantwortliche Redaktor:innen:Nicole Anja Baur, Katharina Fierz, Dieter Sulzer, Dorit van Meel Erweiterte Redaktion:Dozierende, Forschende, Studierende, AbsolventInnen, Berufsexper:innen sowie weitere Gastautor:innen Gastbeitr\u00e4ge willkommen Du m\u00f6chtest [&hellip;]<\/p>\n","protected":false},"author":20,"featured_media":0,"parent":0,"menu_order":0,"comment_status":"closed","ping_status":"closed","template":"","meta":{"ngg_post_thumbnail":0,"footnotes":""},"class_list":["post-13","page","type-page","status-publish","hentry"],"yoast_head":"<!-- This site is optimized with the Yoast SEO Premium plugin v27.2 (Yoast SEO v27.2) - https:\/\/yoast.com\/product\/yoast-seo-premium-wordpress\/ -->\n<title>Impressum - vielfALT<\/title>\n<meta name=\"robots\" content=\"index, follow, max-snippet:-1, max-image-preview:large, max-video-preview:-1\" \/>\n<link rel=\"canonical\" href=\"https:\/\/blog.zhaw.ch\/vielfalt\/impressum\/\" \/>\n<meta property=\"og:locale\" content=\"de_DE\" \/>\n<meta property=\"og:type\" content=\"article\" \/>\n<meta property=\"og:title\" content=\"Impressum\" \/>\n<meta property=\"og:description\" content=\"VielfALT Ein Blog der ZHAW Z\u00fcrcher Hochschule f\u00fcr Angewandte Wissenschaften ZHAW Z\u00fcrcher Hochschule f\u00fcr Angewandte WissenschaftenAngewandte Gerontologie AGe+ ZHAW GesundheitKatharina-Sulzer-Platz 9Postfach 1478401 Winterthur Tel. +41 58 934 89 29E-Mail koordination-gerontologie@zhaw.chWeb: https:\/\/www.zhaw.ch\/de\/forschung\/departementsuebergreifende-kooperationen\/angewandte-gerontologie\/ Verantwortliche Redaktor:innen:Nicole Anja Baur, Katharina Fierz, Dieter Sulzer, Dorit van Meel Erweiterte Redaktion:Dozierende, Forschende, Studierende, AbsolventInnen, Berufsexper:innen sowie weitere Gastautor:innen Gastbeitr\u00e4ge willkommen Du m\u00f6chtest [&hellip;]\" \/>\n<meta property=\"og:url\" content=\"https:\/\/blog.zhaw.ch\/vielfalt\/impressum\/\" \/>\n<meta property=\"og:site_name\" content=\"vielfALT\" \/>\n<meta property=\"article:modified_time\" content=\"2023-06-02T12:10:26+00:00\" \/>\n<meta name=\"twitter:card\" content=\"summary_large_image\" \/>\n<meta name=\"twitter:label1\" content=\"Gesch\u00e4tzte Lesezeit\" \/>\n\t<meta name=\"twitter:data1\" content=\"1\u00a0Minute\" \/>\n<script type=\"application\/ld+json\" class=\"yoast-schema-graph\">{\"@context\":\"https:\/\/schema.org\",\"@graph\":[{\"@type\":\"WebPage\",\"@id\":\"https:\/\/blog.zhaw.ch\/vielfalt\/impressum\/\",\"url\":\"https:\/\/blog.zhaw.ch\/vielfalt\/impressum\/\",\"name\":\"Impressum - vielfALT\",\"isPartOf\":{\"@id\":\"https:\/\/blog.zhaw.ch\/vielfalt\/#website\"},\"datePublished\":\"2023-05-25T13:10:26+00:00\",\"dateModified\":\"2023-06-02T12:10:26+00:00\",\"breadcrumb\":{\"@id\":\"https:\/\/blog.zhaw.ch\/vielfalt\/impressum\/#breadcrumb\"},\"inLanguage\":\"de\",\"potentialAction\":[{\"@type\":\"ReadAction\",\"target\":[\"https:\/\/blog.zhaw.ch\/vielfalt\/impressum\/\"]}]},{\"@type\":\"BreadcrumbList\",\"@id\":\"https:\/\/blog.zhaw.ch\/vielfalt\/impressum\/#breadcrumb\",\"itemListElement\":[{\"@type\":\"ListItem\",\"position\":1,\"name\":\"Startseite\",\"item\":\"https:\/\/blog.zhaw.ch\/vielfalt\/\"},{\"@type\":\"ListItem\",\"position\":2,\"name\":\"Impressum\"}]},{\"@type\":\"WebSite\",\"@id\":\"https:\/\/blog.zhaw.ch\/vielfalt\/#website\",\"url\":\"https:\/\/blog.zhaw.ch\/vielfalt\/\",\"name\":\"vielfALT\",\"description\":\"Ein Blog der ZHAW Z\u00fcrcher Hochschule f\u00fcr Angewandte Wissenschaften\",\"potentialAction\":[{\"@type\":\"SearchAction\",\"target\":{\"@type\":\"EntryPoint\",\"urlTemplate\":\"https:\/\/blog.zhaw.ch\/vielfalt\/?s={search_term_string}\"},\"query-input\":{\"@type\":\"PropertyValueSpecification\",\"valueRequired\":true,\"valueName\":\"search_term_string\"}}],\"inLanguage\":\"de\"}]}<\/script>\n<!-- \/ Yoast SEO Premium plugin. -->","yoast_head_json":{"title":"Impressum - vielfALT","robots":{"index":"index","follow":"follow","max-snippet":"max-snippet:-1","max-image-preview":"max-image-preview:large","max-video-preview":"max-video-preview:-1"},"canonical":"https:\/\/blog.zhaw.ch\/vielfalt\/impressum\/","og_locale":"de_DE","og_type":"article","og_title":"Impressum","og_description":"VielfALT Ein Blog der ZHAW Z\u00fcrcher Hochschule f\u00fcr Angewandte Wissenschaften ZHAW Z\u00fcrcher Hochschule f\u00fcr Angewandte WissenschaftenAngewandte Gerontologie AGe+ ZHAW GesundheitKatharina-Sulzer-Platz 9Postfach 1478401 Winterthur Tel. +41 58 934 89 29E-Mail koordination-gerontologie@zhaw.chWeb: https:\/\/www.zhaw.ch\/de\/forschung\/departementsuebergreifende-kooperationen\/angewandte-gerontologie\/ Verantwortliche Redaktor:innen:Nicole Anja Baur, Katharina Fierz, Dieter Sulzer, Dorit van Meel Erweiterte Redaktion:Dozierende, Forschende, Studierende, AbsolventInnen, Berufsexper:innen sowie weitere Gastautor:innen Gastbeitr\u00e4ge willkommen Du m\u00f6chtest [&hellip;]","og_url":"https:\/\/blog.zhaw.ch\/vielfalt\/impressum\/","og_site_name":"vielfALT","article_modified_time":"2023-06-02T12:10:26+00:00","twitter_card":"summary_large_image","twitter_misc":{"Gesch\u00e4tzte Lesezeit":"1\u00a0Minute"},"schema":{"@context":"https:\/\/schema.org","@graph":[{"@type":"WebPage","@id":"https:\/\/blog.zhaw.ch\/vielfalt\/impressum\/","url":"https:\/\/blog.zhaw.ch\/vielfalt\/impressum\/","name":"Impressum - vielfALT","isPartOf":{"@id":"https:\/\/blog.zhaw.ch\/vielfalt\/#website"},"datePublished":"2023-05-25T13:10:26+00:00","dateModified":"2023-06-02T12:10:26+00:00","breadcrumb":{"@id":"https:\/\/blog.zhaw.ch\/vielfalt\/impressum\/#breadcrumb"},"inLanguage":"de","potentialAction":[{"@type":"ReadAction","target":["https:\/\/blog.zhaw.ch\/vielfalt\/impressum\/"]}]},{"@type":"BreadcrumbList","@id":"https:\/\/blog.zhaw.ch\/vielfalt\/impressum\/#breadcrumb","itemListElement":[{"@type":"ListItem","position":1,"name":"Startseite","item":"https:\/\/blog.zhaw.ch\/vielfalt\/"},{"@type":"ListItem","position":2,"name":"Impressum"}]},{"@type":"WebSite","@id":"https:\/\/blog.zhaw.ch\/vielfalt\/#website","url":"https:\/\/blog.zhaw.ch\/vielfalt\/","name":"vielfALT","description":"Ein Blog der ZHAW Z\u00fcrcher Hochschule f\u00fcr Angewandte Wissenschaften","potentialAction":[{"@type":"SearchAction","target":{"@type":"EntryPoint","urlTemplate":"https:\/\/blog.zhaw.ch\/vielfalt\/?s={search_term_string}"},"query-input":{"@type":"PropertyValueSpecification","valueRequired":true,"valueName":"search_term_string"}}],"inLanguage":"de"}]}},"_links":{"self":[{"href":"https:\/\/blog.zhaw.ch\/vielfalt\/wp-json\/wp\/v2\/pages\/13","targetHints":{"allow":["GET"]}}],"collection":[{"href":"https:\/\/blog.zhaw.ch\/vielfalt\/wp-json\/wp\/v2\/pages"}],"about":[{"href":"https:\/\/blog.zhaw.ch\/vielfalt\/wp-json\/wp\/v2\/types\/page"}],"author":[{"embeddable":true,"href":"https:\/\/blog.zhaw.ch\/vielfalt\/wp-json\/wp\/v2\/users\/20"}],"replies":[{"embeddable":true,"href":"https:\/\/blog.zhaw.ch\/vielfalt\/wp-json\/wp\/v2\/comments?post=13"}],"version-history":[{"count":2,"href":"https:\/\/blog.zhaw.ch\/vielfalt\/wp-json\/wp\/v2\/pages\/13\/revisions"}],"predecessor-version":[{"id":68,"href":"https:\/\/blog.zhaw.ch\/vielfalt\/wp-json\/wp\/v2\/pages\/13\/revisions\/68"}],"wp:attachment":[{"href":"https:\/\/blog.zhaw.ch\/vielfalt\/wp-json\/wp\/v2\/media?parent=13"}],"curies":[{"name":"wp","href":"https:\/\/api.w.org\/{rel}","templated":true}]}}

<h2 class="wp-block-heading" id="h-vielfalt">VielfALT</h2>



<p>Ein Blog der ZHAW Zürcher Hochschule für Angewandte Wissenschaften<br><br>ZHAW Zürcher Hochschule für Angewandte Wissenschaften<br>Angewandte Gerontologie AGe+<br><br>ZHAW Gesundheit<br>Katharina-Sulzer-Platz 9<br>Postfach 147<br>8401 Winterthur<br><br>Tel. +41 58 934 89 29<br>E-Mail <a href="mailto:koordination-gerontologie@zhaw.ch">koordination-gerontologie@zhaw.ch</a><br>Web: <a href="https://www.zhaw.ch/de/forschung/departementsuebergreifende-kooperationen/angewandte-gerontologie/">https://www.zhaw.ch/de/forschung/departementsuebergreifende-kooperationen/angewandte-gerontologie/</a><br><br>Verantwortliche Redaktor:innen:<br>Nicole Anja Baur, Katharina Fierz, Dieter Sulzer, Dorit van Meel<br><br>Erweiterte Redaktion:<br>Dozierende, Forschende, Studierende, AbsolventInnen, Berufsexper:innen sowie weitere Gastautor:innen<br><br>Gastbeiträge willkommen<br><br>Du möchtest auch etwas schreiben oder hast Anregungen? Wir freuen uns ebenfalls über Kommentare zu den Beiträgen und wünschen uns einen konstruktiven Dialog. Gerne veröffentlichen wir auch Gastbeiträge. Möchtest du einen Post für den Blog verfassen? Dann melde dich mit deinem Vorschlag bitte unter <a href="mailto:koordination-gerontologie@zhaw.ch">koordination-gerontologie@zhaw.ch</a>.<br><br>Nur Mut! Einen Leitfaden1 für das Erstellen eines Blogbeitrags findest du hier.<br><br>Mehr über die Aufgaben und Ziele von AGe+ erfährst du auf der Seite <a href="https://blog.zhaw.ch/vielfalt/ueber-uns/">«über uns»</a> oder hier: <a href="https://www.zhaw.ch/de/forschung/departementsuebergreifende-kooperationen/angewandte-gerontologie/">https://www.zhaw.ch/de/forschung/departementsuebergreifende-kooperationen/angewandte-gerontologie/</a></p>

<p>VielfALT Ein Blog der ZHAW Zürcher Hochschule für Angewandte Wissenschaften ZHAW Zürcher Hochschule für Angewandte WissenschaftenAngewandte Gerontologie AGe+ ZHAW GesundheitKatharina-Sulzer-Platz 9Postfach 1478401 Winterthur Tel. +41 58 934 89 29E-Mail koordination-gerontologie@zhaw.chWeb: https://www.zhaw.ch/de/forschung/departementsuebergreifende-kooperationen/angewandte-gerontologie/ Verantwortliche Redaktor:innen:Nicole Anja Baur, Katharina Fierz, Dieter Sulzer, Dorit van Meel Erweiterte Redaktion:Dozierende, Forschende, Studierende, AbsolventInnen, Berufsexper:innen sowie weitere Gastautor:innen Gastbeiträge willkommen Du möchtest [&hellip;]</p>

<!-- This site is optimized with the Yoast SEO Premium plugin v27.2 (Yoast SEO v27.2) - https://yoast.com/product/yoast-seo-premium-wordpress/ -->
<title>Impressum - vielfALT</title>
<meta name="robots" content="index, follow, max-snippet:-1, max-image-preview:large, max-video-preview:-1" />
<link rel="canonical" href="https://blog.zhaw.ch/vielfalt/impressum/" />
<meta property="og:locale" content="de_DE" />
<meta property="og:type" content="article" />
<meta property="og:title" content="Impressum" />
<meta property="og:description" content="VielfALT Ein Blog der ZHAW Zürcher Hochschule für Angewandte Wissenschaften ZHAW Zürcher Hochschule für Angewandte WissenschaftenAngewandte Gerontologie AGe+ ZHAW GesundheitKatharina-Sulzer-Platz 9Postfach 1478401 Winterthur Tel. +41 58 934 89 29E-Mail koordination-gerontologie@zhaw.chWeb: https://www.zhaw.ch/de/forschung/departementsuebergreifende-kooperationen/angewandte-gerontologie/ Verantwortliche Redaktor:innen:Nicole Anja Baur, Katharina Fierz, Dieter Sulzer, Dorit van Meel Erweiterte Redaktion:Dozierende, Forschende, Studierende, AbsolventInnen, Berufsexper:innen sowie weitere Gastautor:innen Gastbeiträge willkommen Du möchtest [&hellip;]" />
<meta property="og:url" content="https://blog.zhaw.ch/vielfalt/impressum/" />
<meta property="og:site_name" content="vielfALT" />
<meta property="article:modified_time" content="2023-06-02T12:10:26+00:00" />
<meta name="twitter:card" content="summary_large_image" />
<meta name="twitter:label1" content="Geschätzte Lesezeit" />
	<meta name="twitter:data1" content="1 Minute" />
<script type="application/ld+json" class="yoast-schema-graph">{"@context":"https://schema.org","@graph":[{"@type":"WebPage","@id":"https://blog.zhaw.ch/vielfalt/impressum/","url":"https://blog.zhaw.ch/vielfalt/impressum/","name":"Impressum - vielfALT","isPartOf":{"@id":"https://blog.zhaw.ch/vielfalt/#website"},"datePublished":"2023-05-25T13:10:26+00:00","dateModified":"2023-06-02T12:10:26+00:00","breadcrumb":{"@id":"https://blog.zhaw.ch/vielfalt/impressum/#breadcrumb"},"inLanguage":"de","potentialAction":[{"@type":"ReadAction","target":["https://blog.zhaw.ch/vielfalt/impressum/"]}]},{"@type":"BreadcrumbList","@id":"https://blog.zhaw.ch/vielfalt/impressum/#breadcrumb","itemListElement":[{"@type":"ListItem","position":1,"name":"Startseite","item":"https://blog.zhaw.ch/vielfalt/"},{"@type":"ListItem","position":2,"name":"Impressum"}]},{"@type":"WebSite","@id":"https://blog.zhaw.ch/vielfalt/#website","url":"https://blog.zhaw.ch/vielfalt/","name":"vielfALT","description":"Ein Blog der ZHAW Zürcher Hochschule für Angewandte Wissenschaften","potentialAction":[{"@type":"SearchAction","target":{"@type":"EntryPoint","urlTemplate":"https://blog.zhaw.ch/vielfalt/?s={search_term_string}"},"query-input":{"@type":"PropertyValueSpecification","valueRequired":true,"valueName":"search_term_string"}}],"inLanguage":"de"}]}</script>
<!-- / Yoast SEO Premium plugin. -->

VielfALT Ein Blog der ZHAW Zürcher Hochschule für Angewandte Wissenschaften ZHAW Zürcher Hochschule für Angewandte WissenschaftenAngewandte Gerontologie AGe+ ZHAW GesundheitKatharina-Sulzer-Platz 9Postfach 1478401 Winterthur Tel. +41 58 934 89 29E-Mail koordination-gerontologie@zhaw.chWeb: https://www.zhaw.ch/de/forschung/departementsuebergreifende-kooperationen/angewandte-gerontologie/ Verantwortliche Redaktor:innen:Nicole Anja Baur, Katharina Fierz, Dieter Sulzer, Dorit van Meel Erweiterte Redaktion:Dozierende, Forschende, Studierende, AbsolventInnen, Berufsexper:innen sowie weitere Gastautor:innen Gastbeiträge willkommen Du möchtest [&hellip;]

Ein Blog der ZHAW Zürcher Hochschule für Angewandte Wissenschaften
