{"id":16,"date":"2020-10-28T10:12:25","date_gmt":"2020-10-28T09:12:25","guid":{"rendered":"http:\/\/blog.zhaw.ch\/sustainable\/?page_id=16"},"modified":"2021-03-09T11:55:13","modified_gmt":"2021-03-09T10:55:13","slug":"impressum","status":"publish","type":"page","link":"https:\/\/blog.zhaw.ch\/sustainable\/impressum\/","title":{"rendered":"Impressum"},"content":{"rendered":"\n<p>ZHAW Z\u00fcrcher Hochschule f\u00fcr Angewandte Wissenschaften<br>Rektorat<br>ZHAW sustainable<br>Gr\u00fcentalstrasse 14<br>Postfach<br>8820 W\u00e4denswil<\/p>\n\n\n\n<p><a href=\"mailto:sustainable@zhaw.ch\">sustainable@zhaw.ch<\/a><\/p>\n","protected":false},"excerpt":{"rendered":"<p>ZHAW Z\u00fcrcher Hochschule f\u00fcr Angewandte WissenschaftenRektoratZHAW sustainableGr\u00fcentalstrasse 14Postfach8820 W\u00e4denswil sustainable@zhaw.ch<\/p>\n","protected":false},"author":20,"featured_media":0,"parent":0,"menu_order":0,"comment_status":"closed","ping_status":"closed","template":"","meta":{"ngg_post_thumbnail":0,"footnotes":""},"class_list":["post-16","page","type-page","status-publish","hentry"],"yoast_head":"<!-- This site is optimized with the Yoast SEO Premium plugin v27.2 (Yoast SEO v27.2) - https:\/\/yoast.com\/product\/yoast-seo-premium-wordpress\/ -->\n<title>Impressum - ZHAW sustainable<\/title>\n<meta name=\"robots\" content=\"index, follow, max-snippet:-1, max-image-preview:large, max-video-preview:-1\" \/>\n<link rel=\"canonical\" href=\"https:\/\/blog.zhaw.ch\/sustainable\/impressum\/\" \/>\n<meta property=\"og:locale\" content=\"de_DE\" \/>\n<meta property=\"og:type\" content=\"article\" \/>\n<meta property=\"og:title\" content=\"Impressum\" \/>\n<meta property=\"og:description\" content=\"ZHAW Z\u00fcrcher Hochschule f\u00fcr Angewandte WissenschaftenRektoratZHAW sustainableGr\u00fcentalstrasse 14Postfach8820 W\u00e4denswil sustainable@zhaw.ch\" \/>\n<meta property=\"og:url\" content=\"https:\/\/blog.zhaw.ch\/sustainable\/impressum\/\" \/>\n<meta property=\"og:site_name\" content=\"ZHAW sustainable\" \/>\n<meta property=\"article:modified_time\" content=\"2021-03-09T10:55:13+00:00\" \/>\n<meta name=\"twitter:card\" content=\"summary_large_image\" \/>\n<script type=\"application\/ld+json\" class=\"yoast-schema-graph\">{\"@context\":\"https:\/\/schema.org\",\"@graph\":[{\"@type\":\"WebPage\",\"@id\":\"https:\/\/blog.zhaw.ch\/sustainable\/impressum\/\",\"url\":\"https:\/\/blog.zhaw.ch\/sustainable\/impressum\/\",\"name\":\"Impressum - ZHAW sustainable\",\"isPartOf\":{\"@id\":\"https:\/\/blog.zhaw.ch\/sustainable\/#website\"},\"datePublished\":\"2020-10-28T09:12:25+00:00\",\"dateModified\":\"2021-03-09T10:55:13+00:00\",\"breadcrumb\":{\"@id\":\"https:\/\/blog.zhaw.ch\/sustainable\/impressum\/#breadcrumb\"},\"inLanguage\":\"de\",\"potentialAction\":[{\"@type\":\"ReadAction\",\"target\":[\"https:\/\/blog.zhaw.ch\/sustainable\/impressum\/\"]}]},{\"@type\":\"BreadcrumbList\",\"@id\":\"https:\/\/blog.zhaw.ch\/sustainable\/impressum\/#breadcrumb\",\"itemListElement\":[{\"@type\":\"ListItem\",\"position\":1,\"name\":\"Startseite\",\"item\":\"https:\/\/blog.zhaw.ch\/sustainable\/\"},{\"@type\":\"ListItem\",\"position\":2,\"name\":\"Impressum\"}]},{\"@type\":\"WebSite\",\"@id\":\"https:\/\/blog.zhaw.ch\/sustainable\/#website\",\"url\":\"https:\/\/blog.zhaw.ch\/sustainable\/\",\"name\":\"ZHAW sustainable\",\"description\":\"Ein Blog der ZHAW Z\u00fcrcher Hochschule f\u00fcr Angewandte Wissenschaften\",\"potentialAction\":[{\"@type\":\"SearchAction\",\"target\":{\"@type\":\"EntryPoint\",\"urlTemplate\":\"https:\/\/blog.zhaw.ch\/sustainable\/?s={search_term_string}\"},\"query-input\":{\"@type\":\"PropertyValueSpecification\",\"valueRequired\":true,\"valueName\":\"search_term_string\"}}],\"inLanguage\":\"de\"}]}<\/script>\n<!-- \/ Yoast SEO Premium plugin. -->","yoast_head_json":{"title":"Impressum - ZHAW sustainable","robots":{"index":"index","follow":"follow","max-snippet":"max-snippet:-1","max-image-preview":"max-image-preview:large","max-video-preview":"max-video-preview:-1"},"canonical":"https:\/\/blog.zhaw.ch\/sustainable\/impressum\/","og_locale":"de_DE","og_type":"article","og_title":"Impressum","og_description":"ZHAW Z\u00fcrcher Hochschule f\u00fcr Angewandte WissenschaftenRektoratZHAW sustainableGr\u00fcentalstrasse 14Postfach8820 W\u00e4denswil sustainable@zhaw.ch","og_url":"https:\/\/blog.zhaw.ch\/sustainable\/impressum\/","og_site_name":"ZHAW sustainable","article_modified_time":"2021-03-09T10:55:13+00:00","twitter_card":"summary_large_image","schema":{"@context":"https:\/\/schema.org","@graph":[{"@type":"WebPage","@id":"https:\/\/blog.zhaw.ch\/sustainable\/impressum\/","url":"https:\/\/blog.zhaw.ch\/sustainable\/impressum\/","name":"Impressum - ZHAW sustainable","isPartOf":{"@id":"https:\/\/blog.zhaw.ch\/sustainable\/#website"},"datePublished":"2020-10-28T09:12:25+00:00","dateModified":"2021-03-09T10:55:13+00:00","breadcrumb":{"@id":"https:\/\/blog.zhaw.ch\/sustainable\/impressum\/#breadcrumb"},"inLanguage":"de","potentialAction":[{"@type":"ReadAction","target":["https:\/\/blog.zhaw.ch\/sustainable\/impressum\/"]}]},{"@type":"BreadcrumbList","@id":"https:\/\/blog.zhaw.ch\/sustainable\/impressum\/#breadcrumb","itemListElement":[{"@type":"ListItem","position":1,"name":"Startseite","item":"https:\/\/blog.zhaw.ch\/sustainable\/"},{"@type":"ListItem","position":2,"name":"Impressum"}]},{"@type":"WebSite","@id":"https:\/\/blog.zhaw.ch\/sustainable\/#website","url":"https:\/\/blog.zhaw.ch\/sustainable\/","name":"ZHAW sustainable","description":"Ein Blog der ZHAW Z\u00fcrcher Hochschule f\u00fcr Angewandte Wissenschaften","potentialAction":[{"@type":"SearchAction","target":{"@type":"EntryPoint","urlTemplate":"https:\/\/blog.zhaw.ch\/sustainable\/?s={search_term_string}"},"query-input":{"@type":"PropertyValueSpecification","valueRequired":true,"valueName":"search_term_string"}}],"inLanguage":"de"}]}},"_links":{"self":[{"href":"https:\/\/blog.zhaw.ch\/sustainable\/wp-json\/wp\/v2\/pages\/16","targetHints":{"allow":["GET"]}}],"collection":[{"href":"https:\/\/blog.zhaw.ch\/sustainable\/wp-json\/wp\/v2\/pages"}],"about":[{"href":"https:\/\/blog.zhaw.ch\/sustainable\/wp-json\/wp\/v2\/types\/page"}],"author":[{"embeddable":true,"href":"https:\/\/blog.zhaw.ch\/sustainable\/wp-json\/wp\/v2\/users\/20"}],"replies":[{"embeddable":true,"href":"https:\/\/blog.zhaw.ch\/sustainable\/wp-json\/wp\/v2\/comments?post=16"}],"version-history":[{"count":6,"href":"https:\/\/blog.zhaw.ch\/sustainable\/wp-json\/wp\/v2\/pages\/16\/revisions"}],"predecessor-version":[{"id":97,"href":"https:\/\/blog.zhaw.ch\/sustainable\/wp-json\/wp\/v2\/pages\/16\/revisions\/97"}],"wp:attachment":[{"href":"https:\/\/blog.zhaw.ch\/sustainable\/wp-json\/wp\/v2\/media?parent=16"}],"curies":[{"name":"wp","href":"https:\/\/api.w.org\/{rel}","templated":true}]}}