{"id":14,"date":"2020-10-28T10:10:36","date_gmt":"2020-10-28T09:10:36","guid":{"rendered":"http:\/\/blog.zhaw.ch\/sustainable\/?page_id=14"},"modified":"2022-04-05T17:02:21","modified_gmt":"2022-04-05T15:02:21","slug":"ueber-uns","status":"publish","type":"page","link":"https:\/\/blog.zhaw.ch\/sustainable\/ueber-uns\/","title":{"rendered":"\u00dcber uns"},"content":{"rendered":"\n<div class=\"wp-block-image\"><figure class=\"aligncenter size-large\"><img loading=\"lazy\" decoding=\"async\" width=\"1024\" height=\"282\" src=\"https:\/\/blog.zhaw.ch\/sustainable\/files\/2022\/04\/Def-ZHAW_Logo_RGB_Pos-sustainable-1024x282.jpg\" alt=\"\" class=\"wp-image-561\" srcset=\"https:\/\/blog.zhaw.ch\/sustainable\/files\/2022\/04\/Def-ZHAW_Logo_RGB_Pos-sustainable-1024x282.jpg 1024w, https:\/\/blog.zhaw.ch\/sustainable\/files\/2022\/04\/Def-ZHAW_Logo_RGB_Pos-sustainable-300x83.jpg 300w, https:\/\/blog.zhaw.ch\/sustainable\/files\/2022\/04\/Def-ZHAW_Logo_RGB_Pos-sustainable-768x212.jpg 768w, https:\/\/blog.zhaw.ch\/sustainable\/files\/2022\/04\/Def-ZHAW_Logo_RGB_Pos-sustainable-1536x423.jpg 1536w, https:\/\/blog.zhaw.ch\/sustainable\/files\/2022\/04\/Def-ZHAW_Logo_RGB_Pos-sustainable-2048x564.jpg 2048w\" sizes=\"auto, (max-width: 1024px) 100vw, 1024px\" \/><\/figure><\/div>\n\n\n\n<p><\/p>\n\n\n\n<p>Willkommen auf dem Blog von ZHAW sustainable, dem strategischen Programm f\u00fcr nachhaltige Entwicklung an der ZHAW. In diesem Blog geht es um das vielf\u00e4ltige Engagement der ZHAW-Nachhaltigkeitscommunity. Wir berichten \u00fcber Menschen, Projekte und Initiativen, die sich f\u00fcr eine nachhaltige Entwicklung einsetzen. Lass dich inspirieren!<\/p>\n\n\n\n<p><strong>Gastbeitr\u00e4ge willkommen<\/strong><\/p>\n\n\n\n<p>Wir freuen uns \u00fcber Kommentare zu den Beitr\u00e4gen und w\u00fcnschen uns einen konstruktiven Dialog. Gerne ver\u00f6ffentlichen wir auch Gastbeitr\u00e4ge. M\u00f6chtest du einen Artikel f\u00fcr den Blog verfassen? Dann melde dich mit deinem Vorschlag bitte unter <a href=\"mailto:sustainable@zhaw.ch\">sustainable@zhaw.ch<\/a>.<\/p>\n\n\n\n<p>Nur Mut! Einen Leitfaden f\u00fcr das Erstellen eines Blogbeitrags findest du <a href=\"https:\/\/blog.zhaw.ch\/sustainable\/2022\/04\/04\/leitfaden-fuer-gastbeitraege\/\">hier<\/a>.<\/p>\n\n\n\n<p>Mehr \u00fcber die Aufgaben und Ziele von ZHAW sustainable erf\u00e4hrst du hier: <a href=\"http:\/\/www.zhaw.ch\/sustainable\">www.zhaw.ch\/sustainable<\/a><\/p>\n","protected":false},"excerpt":{"rendered":"<p>Willkommen auf dem Blog von ZHAW sustainable, dem strategischen Programm f\u00fcr nachhaltige Entwicklung an der ZHAW. In diesem Blog geht es um das vielf\u00e4ltige Engagement der ZHAW-Nachhaltigkeitscommunity. Wir berichten \u00fcber Menschen, Projekte und Initiativen, die sich f\u00fcr eine nachhaltige Entwicklung einsetzen. Lass dich inspirieren! Gastbeitr\u00e4ge willkommen Wir freuen uns \u00fcber Kommentare zu den Beitr\u00e4gen und [&hellip;]<\/p>\n","protected":false},"author":20,"featured_media":0,"parent":0,"menu_order":0,"comment_status":"closed","ping_status":"closed","template":"","meta":{"ngg_post_thumbnail":0,"footnotes":""},"class_list":["post-14","page","type-page","status-publish","hentry"],"yoast_head":"<!-- This site is optimized with the Yoast SEO Premium plugin v27.2 (Yoast SEO v27.2) - https:\/\/yoast.com\/product\/yoast-seo-premium-wordpress\/ -->\n<title>\u00dcber uns - ZHAW sustainable<\/title>\n<meta name=\"robots\" content=\"index, follow, max-snippet:-1, max-image-preview:large, max-video-preview:-1\" \/>\n<link rel=\"canonical\" href=\"https:\/\/blog.zhaw.ch\/sustainable\/ueber-uns\/\" \/>\n<meta property=\"og:locale\" content=\"de_DE\" \/>\n<meta property=\"og:type\" content=\"article\" \/>\n<meta property=\"og:title\" content=\"\u00dcber uns\" \/>\n<meta property=\"og:description\" content=\"Willkommen auf dem Blog von ZHAW sustainable, dem strategischen Programm f\u00fcr nachhaltige Entwicklung an der ZHAW. In diesem Blog geht es um das vielf\u00e4ltige Engagement der ZHAW-Nachhaltigkeitscommunity. Wir berichten \u00fcber Menschen, Projekte und Initiativen, die sich f\u00fcr eine nachhaltige Entwicklung einsetzen. Lass dich inspirieren! Gastbeitr\u00e4ge willkommen Wir freuen uns \u00fcber Kommentare zu den Beitr\u00e4gen und [&hellip;]\" \/>\n<meta property=\"og:url\" content=\"https:\/\/blog.zhaw.ch\/sustainable\/ueber-uns\/\" \/>\n<meta property=\"og:site_name\" content=\"ZHAW sustainable\" \/>\n<meta property=\"article:modified_time\" content=\"2022-04-05T15:02:21+00:00\" \/>\n<meta property=\"og:image\" content=\"https:\/\/blog.zhaw.ch\/sustainable\/files\/2022\/04\/Def-ZHAW_Logo_RGB_Pos-sustainable-1024x282.jpg\" \/>\n<meta name=\"twitter:card\" content=\"summary_large_image\" \/>\n<meta name=\"twitter:label1\" content=\"Gesch\u00e4tzte Lesezeit\" \/>\n\t<meta name=\"twitter:data1\" content=\"1\u00a0Minute\" \/>\n<script type=\"application\/ld+json\" class=\"yoast-schema-graph\">{\"@context\":\"https:\/\/schema.org\",\"@graph\":[{\"@type\":\"WebPage\",\"@id\":\"https:\/\/blog.zhaw.ch\/sustainable\/ueber-uns\/\",\"url\":\"https:\/\/blog.zhaw.ch\/sustainable\/ueber-uns\/\",\"name\":\"\u00dcber uns - ZHAW sustainable\",\"isPartOf\":{\"@id\":\"https:\/\/blog.zhaw.ch\/sustainable\/#website\"},\"primaryImageOfPage\":{\"@id\":\"https:\/\/blog.zhaw.ch\/sustainable\/ueber-uns\/#primaryimage\"},\"image\":{\"@id\":\"https:\/\/blog.zhaw.ch\/sustainable\/ueber-uns\/#primaryimage\"},\"thumbnailUrl\":\"https:\/\/blog.zhaw.ch\/sustainable\/files\/2022\/04\/Def-ZHAW_Logo_RGB_Pos-sustainable-1024x282.jpg\",\"datePublished\":\"2020-10-28T09:10:36+00:00\",\"dateModified\":\"2022-04-05T15:02:21+00:00\",\"breadcrumb\":{\"@id\":\"https:\/\/blog.zhaw.ch\/sustainable\/ueber-uns\/#breadcrumb\"},\"inLanguage\":\"de\",\"potentialAction\":[{\"@type\":\"ReadAction\",\"target\":[\"https:\/\/blog.zhaw.ch\/sustainable\/ueber-uns\/\"]}]},{\"@type\":\"ImageObject\",\"inLanguage\":\"de\",\"@id\":\"https:\/\/blog.zhaw.ch\/sustainable\/ueber-uns\/#primaryimage\",\"url\":\"https:\/\/blog.zhaw.ch\/sustainable\/files\/2022\/04\/Def-ZHAW_Logo_RGB_Pos-sustainable.jpg\",\"contentUrl\":\"https:\/\/blog.zhaw.ch\/sustainable\/files\/2022\/04\/Def-ZHAW_Logo_RGB_Pos-sustainable.jpg\",\"width\":2218,\"height\":611},{\"@type\":\"BreadcrumbList\",\"@id\":\"https:\/\/blog.zhaw.ch\/sustainable\/ueber-uns\/#breadcrumb\",\"itemListElement\":[{\"@type\":\"ListItem\",\"position\":1,\"name\":\"Startseite\",\"item\":\"https:\/\/blog.zhaw.ch\/sustainable\/\"},{\"@type\":\"ListItem\",\"position\":2,\"name\":\"\u00dcber uns\"}]},{\"@type\":\"WebSite\",\"@id\":\"https:\/\/blog.zhaw.ch\/sustainable\/#website\",\"url\":\"https:\/\/blog.zhaw.ch\/sustainable\/\",\"name\":\"ZHAW sustainable\",\"description\":\"Ein Blog der ZHAW Z\u00fcrcher Hochschule f\u00fcr Angewandte Wissenschaften\",\"potentialAction\":[{\"@type\":\"SearchAction\",\"target\":{\"@type\":\"EntryPoint\",\"urlTemplate\":\"https:\/\/blog.zhaw.ch\/sustainable\/?s={search_term_string}\"},\"query-input\":{\"@type\":\"PropertyValueSpecification\",\"valueRequired\":true,\"valueName\":\"search_term_string\"}}],\"inLanguage\":\"de\"}]}<\/script>\n<!-- \/ Yoast SEO Premium plugin. -->","yoast_head_json":{"title":"\u00dcber uns - ZHAW sustainable","robots":{"index":"index","follow":"follow","max-snippet":"max-snippet:-1","max-image-preview":"max-image-preview:large","max-video-preview":"max-video-preview:-1"},"canonical":"https:\/\/blog.zhaw.ch\/sustainable\/ueber-uns\/","og_locale":"de_DE","og_type":"article","og_title":"\u00dcber uns","og_description":"Willkommen auf dem Blog von ZHAW sustainable, dem strategischen Programm f\u00fcr nachhaltige Entwicklung an der ZHAW. In diesem Blog geht es um das vielf\u00e4ltige Engagement der ZHAW-Nachhaltigkeitscommunity. Wir berichten \u00fcber Menschen, Projekte und Initiativen, die sich f\u00fcr eine nachhaltige Entwicklung einsetzen. Lass dich inspirieren! Gastbeitr\u00e4ge willkommen Wir freuen uns \u00fcber Kommentare zu den Beitr\u00e4gen und [&hellip;]","og_url":"https:\/\/blog.zhaw.ch\/sustainable\/ueber-uns\/","og_site_name":"ZHAW sustainable","article_modified_time":"2022-04-05T15:02:21+00:00","og_image":[{"url":"https:\/\/blog.zhaw.ch\/sustainable\/files\/2022\/04\/Def-ZHAW_Logo_RGB_Pos-sustainable-1024x282.jpg","type":"","width":"","height":""}],"twitter_card":"summary_large_image","twitter_misc":{"Gesch\u00e4tzte Lesezeit":"1\u00a0Minute"},"schema":{"@context":"https:\/\/schema.org","@graph":[{"@type":"WebPage","@id":"https:\/\/blog.zhaw.ch\/sustainable\/ueber-uns\/","url":"https:\/\/blog.zhaw.ch\/sustainable\/ueber-uns\/","name":"\u00dcber uns - ZHAW sustainable","isPartOf":{"@id":"https:\/\/blog.zhaw.ch\/sustainable\/#website"},"primaryImageOfPage":{"@id":"https:\/\/blog.zhaw.ch\/sustainable\/ueber-uns\/#primaryimage"},"image":{"@id":"https:\/\/blog.zhaw.ch\/sustainable\/ueber-uns\/#primaryimage"},"thumbnailUrl":"https:\/\/blog.zhaw.ch\/sustainable\/files\/2022\/04\/Def-ZHAW_Logo_RGB_Pos-sustainable-1024x282.jpg","datePublished":"2020-10-28T09:10:36+00:00","dateModified":"2022-04-05T15:02:21+00:00","breadcrumb":{"@id":"https:\/\/blog.zhaw.ch\/sustainable\/ueber-uns\/#breadcrumb"},"inLanguage":"de","potentialAction":[{"@type":"ReadAction","target":["https:\/\/blog.zhaw.ch\/sustainable\/ueber-uns\/"]}]},{"@type":"ImageObject","inLanguage":"de","@id":"https:\/\/blog.zhaw.ch\/sustainable\/ueber-uns\/#primaryimage","url":"https:\/\/blog.zhaw.ch\/sustainable\/files\/2022\/04\/Def-ZHAW_Logo_RGB_Pos-sustainable.jpg","contentUrl":"https:\/\/blog.zhaw.ch\/sustainable\/files\/2022\/04\/Def-ZHAW_Logo_RGB_Pos-sustainable.jpg","width":2218,"height":611},{"@type":"BreadcrumbList","@id":"https:\/\/blog.zhaw.ch\/sustainable\/ueber-uns\/#breadcrumb","itemListElement":[{"@type":"ListItem","position":1,"name":"Startseite","item":"https:\/\/blog.zhaw.ch\/sustainable\/"},{"@type":"ListItem","position":2,"name":"\u00dcber uns"}]},{"@type":"WebSite","@id":"https:\/\/blog.zhaw.ch\/sustainable\/#website","url":"https:\/\/blog.zhaw.ch\/sustainable\/","name":"ZHAW sustainable","description":"Ein Blog der ZHAW Z\u00fcrcher Hochschule f\u00fcr Angewandte Wissenschaften","potentialAction":[{"@type":"SearchAction","target":{"@type":"EntryPoint","urlTemplate":"https:\/\/blog.zhaw.ch\/sustainable\/?s={search_term_string}"},"query-input":{"@type":"PropertyValueSpecification","valueRequired":true,"valueName":"search_term_string"}}],"inLanguage":"de"}]}},"_links":{"self":[{"href":"https:\/\/blog.zhaw.ch\/sustainable\/wp-json\/wp\/v2\/pages\/14","targetHints":{"allow":["GET"]}}],"collection":[{"href":"https:\/\/blog.zhaw.ch\/sustainable\/wp-json\/wp\/v2\/pages"}],"about":[{"href":"https:\/\/blog.zhaw.ch\/sustainable\/wp-json\/wp\/v2\/types\/page"}],"author":[{"embeddable":true,"href":"https:\/\/blog.zhaw.ch\/sustainable\/wp-json\/wp\/v2\/users\/20"}],"replies":[{"embeddable":true,"href":"https:\/\/blog.zhaw.ch\/sustainable\/wp-json\/wp\/v2\/comments?post=14"}],"version-history":[{"count":9,"href":"https:\/\/blog.zhaw.ch\/sustainable\/wp-json\/wp\/v2\/pages\/14\/revisions"}],"predecessor-version":[{"id":574,"href":"https:\/\/blog.zhaw.ch\/sustainable\/wp-json\/wp\/v2\/pages\/14\/revisions\/574"}],"wp:attachment":[{"href":"https:\/\/blog.zhaw.ch\/sustainable\/wp-json\/wp\/v2\/media?parent=14"}],"curies":[{"name":"wp","href":"https:\/\/api.w.org\/{rel}","templated":true}]}}