{"id":9,"date":"2013-07-29T15:35:55","date_gmt":"2013-07-29T13:35:55","guid":{"rendered":"http:\/\/blog.zhaw.ch\/papierlosesstudium\/?page_id=9"},"modified":"2021-05-10T11:49:56","modified_gmt":"2021-05-10T09:49:56","slug":"ueber-diesen-blog","status":"publish","type":"page","link":"https:\/\/blog.zhaw.ch\/papierlosesstudium\/ueber-diesen-blog\/","title":{"rendered":"\u00dcber diesen Blog"},"content":{"rendered":"<p>Auf diesem Blog finden Studierende der ZHAW Life Sciences und Facility Management sowie andere interessierte Leserinnen und Leser Informationen, Tipps und Anleitungen zum digitalen Studium und dem papierlosen Arbeiten. Dies ist kein offizieller Kommunikationskanal der Studiengangleitung, sondern ein Hilfsmittel, um Studierende bei Fragen zum Online-Lernen und den verwendeten Tools und Plattformen zu unterst\u00fctzen.<\/p>\n<p>Der Blog wurde urspr\u00fcnglich im Jahr 2013 als Begleitinstrument f\u00fcr die Umstellung auf das papierlose Studium gestartet. Was als Pilotprojekt mit einer Klasse von 30 Bachelorstudierenden aus der Biotechnologie an der ZHAW in W\u00e4denswil begann, wurde in den Folgejahren kontinuierlich ausgeweitet, bis im 2020 alle Studienjahrg\u00e4nge der f\u00fcnf Bachelorstudieng\u00e4nge Biotechnologie, Chemie, Lebensmitteltechnologie, Facility Management und Umweltingenieurwesen mehrheitlich digital arbeiteten.<\/p>\n<p>Die rund 30 Studierenden erhielten damals im Rahmen des Pilotprojekt f\u00fcr die Dauer des Studiums ein Tablet (Apple iPad oder Microsoft Surface Pro bzw. Dell Venue 11 Pro) von der Hochschule zur Verf\u00fcgung gestellt. Die digitalen Unterlagen wurden jeweils 24h vor dem Unterricht, haupts\u00e4chlich im PDF-Format, auf der Lernplattform Moodle zur Verf\u00fcgung gestellt. Die Studierenden arbeiten gem\u00e4ss Bring Your Own Device Policy mit Ger\u00e4ten, die den <a href=\"https:\/\/www.zhaw.ch\/storage\/lsfm\/studium\/_formulare-merkblaetter\/anforderungen-hardware-software-papierloses-studium.pdf\">Anforderungen an das digitale Studium<\/a> entsprechen. Als Einstieg in das digitale Arbieten und Lernen empfehlen wir <a href=\"https:\/\/moodle0.zhaw.ch\/course\/view.php?id=17529\">den Online-Kurs zum Digitalen Studium auf Moodle<\/a>.<\/p>\n<p>Das Pilotprojekt wurde mehrfach evaluiert, z.B.<\/p>\n<ul>\n<li><a href=\"https:\/\/digitalcollection.zhaw.ch\/handle\/11475\/1039\">Besser, schlechter, \u00e4ndert nichts? Eine Evaluation des papierlosen Studiums aus didaktischer Sicht<\/a><\/li>\n<li><a href=\"https:\/\/blog.zhaw.ch\/papierlosesstudium\/welche-geraete-und-apps-haben-sich-bewaehrt\/\">Welche Ger\u00e4te und Apps haben sich bew\u00e4hrt?<\/a><\/li>\n<li><a href=\"https:\/\/blog.zhaw.ch\/papierlosesstudium\/fuehren-digitale-technologien-zu-interaktiverem-unterricht\/\">F\u00fchren digitale Technologien zu interaktiverem Unterricht?<\/a><\/li>\n<li><a href=\"https:\/\/blog.zhaw.ch\/papierlosesstudium\/vernetztes-arbeiten-im-unterricht\/\">Vernetztes Arbeiten im Unterricht<\/a><\/li>\n<\/ul>\n<p>Wir haben in den letzten Jahren viel dazugelernt und sind laufend dabei, die digitalen Kompetenzen auszubauen und den Campus sowie die digitalen Lehrumgebungen f\u00fcr das digitale Lehren und Lernen zu optimieren. Das papierlose Studium hat den Grundstein f\u00fcr weitere spannende Digitalisierungsprojekte in der Lehre gelegt und unsere Mitarbeitenden und Studierenden gut auf eine digitale Arbeitsweise vorbereitet.<\/p>\n\n\n<p><\/p>\n","protected":false},"excerpt":{"rendered":"<p>Auf diesem Blog finden Studierende der ZHAW Life Sciences und Facility Management sowie andere interessierte Leserinnen und Leser Informationen, Tipps und Anleitungen zum digitalen Studium und dem papierlosen Arbeiten. Dies ist kein offizieller Kommunikationskanal der Studiengangleitung, sondern ein Hilfsmittel, um Studierende bei Fragen zum Online-Lernen und den verwendeten Tools und Plattformen zu unterst\u00fctzen. Der Blog [&hellip;]<\/p>\n","protected":false},"author":2,"featured_media":0,"parent":0,"menu_order":0,"comment_status":"closed","ping_status":"closed","template":"","meta":{"ngg_post_thumbnail":0,"footnotes":""},"class_list":["post-9","page","type-page","status-publish","hentry"],"yoast_head":"<!-- This site is optimized with the Yoast SEO Premium plugin v27.2 (Yoast SEO v27.2) - https:\/\/yoast.com\/product\/yoast-seo-premium-wordpress\/ -->\n<title>\u00dcber diesen Blog - studieren digital<\/title>\n<meta name=\"robots\" content=\"index, follow, max-snippet:-1, max-image-preview:large, max-video-preview:-1\" \/>\n<link rel=\"canonical\" href=\"https:\/\/blog.zhaw.ch\/papierlosesstudium\/ueber-diesen-blog\/\" \/>\n<meta property=\"og:locale\" content=\"de_DE\" \/>\n<meta property=\"og:type\" content=\"article\" \/>\n<meta property=\"og:title\" content=\"\u00dcber diesen Blog\" \/>\n<meta property=\"og:description\" content=\"Auf diesem Blog finden Studierende der ZHAW Life Sciences und Facility Management sowie andere interessierte Leserinnen und Leser Informationen, Tipps und Anleitungen zum digitalen Studium und dem papierlosen Arbeiten. Dies ist kein offizieller Kommunikationskanal der Studiengangleitung, sondern ein Hilfsmittel, um Studierende bei Fragen zum Online-Lernen und den verwendeten Tools und Plattformen zu unterst\u00fctzen. Der Blog [&hellip;]\" \/>\n<meta property=\"og:url\" content=\"https:\/\/blog.zhaw.ch\/papierlosesstudium\/ueber-diesen-blog\/\" \/>\n<meta property=\"og:site_name\" content=\"studieren digital\" \/>\n<meta property=\"article:modified_time\" content=\"2021-05-10T09:49:56+00:00\" \/>\n<meta name=\"twitter:card\" content=\"summary_large_image\" \/>\n<meta name=\"twitter:label1\" content=\"Gesch\u00e4tzte Lesezeit\" \/>\n\t<meta name=\"twitter:data1\" content=\"2\u00a0Minuten\" \/>\n<script type=\"application\/ld+json\" class=\"yoast-schema-graph\">{\"@context\":\"https:\/\/schema.org\",\"@graph\":[{\"@type\":\"WebPage\",\"@id\":\"https:\/\/blog.zhaw.ch\/papierlosesstudium\/ueber-diesen-blog\/\",\"url\":\"https:\/\/blog.zhaw.ch\/papierlosesstudium\/ueber-diesen-blog\/\",\"name\":\"\u00dcber diesen Blog - studieren digital\",\"isPartOf\":{\"@id\":\"https:\/\/blog.zhaw.ch\/papierlosesstudium\/#website\"},\"datePublished\":\"2013-07-29T13:35:55+00:00\",\"dateModified\":\"2021-05-10T09:49:56+00:00\",\"breadcrumb\":{\"@id\":\"https:\/\/blog.zhaw.ch\/papierlosesstudium\/ueber-diesen-blog\/#breadcrumb\"},\"inLanguage\":\"de\",\"potentialAction\":[{\"@type\":\"ReadAction\",\"target\":[\"https:\/\/blog.zhaw.ch\/papierlosesstudium\/ueber-diesen-blog\/\"]}]},{\"@type\":\"BreadcrumbList\",\"@id\":\"https:\/\/blog.zhaw.ch\/papierlosesstudium\/ueber-diesen-blog\/#breadcrumb\",\"itemListElement\":[{\"@type\":\"ListItem\",\"position\":1,\"name\":\"Startseite\",\"item\":\"https:\/\/blog.zhaw.ch\/papierlosesstudium\/\"},{\"@type\":\"ListItem\",\"position\":2,\"name\":\"\u00dcber diesen Blog\"}]},{\"@type\":\"WebSite\",\"@id\":\"https:\/\/blog.zhaw.ch\/papierlosesstudium\/#website\",\"url\":\"https:\/\/blog.zhaw.ch\/papierlosesstudium\/\",\"name\":\"studieren digital\",\"description\":\"Ein Blog der ZHAW Z\u00fcrcher Hochschule f\u00fcr Angewandte Wissenschaften\",\"potentialAction\":[{\"@type\":\"SearchAction\",\"target\":{\"@type\":\"EntryPoint\",\"urlTemplate\":\"https:\/\/blog.zhaw.ch\/papierlosesstudium\/?s={search_term_string}\"},\"query-input\":{\"@type\":\"PropertyValueSpecification\",\"valueRequired\":true,\"valueName\":\"search_term_string\"}}],\"inLanguage\":\"de\"}]}<\/script>\n<!-- \/ Yoast SEO Premium plugin. -->","yoast_head_json":{"title":"\u00dcber diesen Blog - studieren digital","robots":{"index":"index","follow":"follow","max-snippet":"max-snippet:-1","max-image-preview":"max-image-preview:large","max-video-preview":"max-video-preview:-1"},"canonical":"https:\/\/blog.zhaw.ch\/papierlosesstudium\/ueber-diesen-blog\/","og_locale":"de_DE","og_type":"article","og_title":"\u00dcber diesen Blog","og_description":"Auf diesem Blog finden Studierende der ZHAW Life Sciences und Facility Management sowie andere interessierte Leserinnen und Leser Informationen, Tipps und Anleitungen zum digitalen Studium und dem papierlosen Arbeiten. Dies ist kein offizieller Kommunikationskanal der Studiengangleitung, sondern ein Hilfsmittel, um Studierende bei Fragen zum Online-Lernen und den verwendeten Tools und Plattformen zu unterst\u00fctzen. Der Blog [&hellip;]","og_url":"https:\/\/blog.zhaw.ch\/papierlosesstudium\/ueber-diesen-blog\/","og_site_name":"studieren digital","article_modified_time":"2021-05-10T09:49:56+00:00","twitter_card":"summary_large_image","twitter_misc":{"Gesch\u00e4tzte Lesezeit":"2\u00a0Minuten"},"schema":{"@context":"https:\/\/schema.org","@graph":[{"@type":"WebPage","@id":"https:\/\/blog.zhaw.ch\/papierlosesstudium\/ueber-diesen-blog\/","url":"https:\/\/blog.zhaw.ch\/papierlosesstudium\/ueber-diesen-blog\/","name":"\u00dcber diesen Blog - studieren digital","isPartOf":{"@id":"https:\/\/blog.zhaw.ch\/papierlosesstudium\/#website"},"datePublished":"2013-07-29T13:35:55+00:00","dateModified":"2021-05-10T09:49:56+00:00","breadcrumb":{"@id":"https:\/\/blog.zhaw.ch\/papierlosesstudium\/ueber-diesen-blog\/#breadcrumb"},"inLanguage":"de","potentialAction":[{"@type":"ReadAction","target":["https:\/\/blog.zhaw.ch\/papierlosesstudium\/ueber-diesen-blog\/"]}]},{"@type":"BreadcrumbList","@id":"https:\/\/blog.zhaw.ch\/papierlosesstudium\/ueber-diesen-blog\/#breadcrumb","itemListElement":[{"@type":"ListItem","position":1,"name":"Startseite","item":"https:\/\/blog.zhaw.ch\/papierlosesstudium\/"},{"@type":"ListItem","position":2,"name":"\u00dcber diesen Blog"}]},{"@type":"WebSite","@id":"https:\/\/blog.zhaw.ch\/papierlosesstudium\/#website","url":"https:\/\/blog.zhaw.ch\/papierlosesstudium\/","name":"studieren digital","description":"Ein Blog der ZHAW Z\u00fcrcher Hochschule f\u00fcr Angewandte Wissenschaften","potentialAction":[{"@type":"SearchAction","target":{"@type":"EntryPoint","urlTemplate":"https:\/\/blog.zhaw.ch\/papierlosesstudium\/?s={search_term_string}"},"query-input":{"@type":"PropertyValueSpecification","valueRequired":true,"valueName":"search_term_string"}}],"inLanguage":"de"}]}},"_links":{"self":[{"href":"https:\/\/blog.zhaw.ch\/papierlosesstudium\/wp-json\/wp\/v2\/pages\/9","targetHints":{"allow":["GET"]}}],"collection":[{"href":"https:\/\/blog.zhaw.ch\/papierlosesstudium\/wp-json\/wp\/v2\/pages"}],"about":[{"href":"https:\/\/blog.zhaw.ch\/papierlosesstudium\/wp-json\/wp\/v2\/types\/page"}],"author":[{"embeddable":true,"href":"https:\/\/blog.zhaw.ch\/papierlosesstudium\/wp-json\/wp\/v2\/users\/2"}],"replies":[{"embeddable":true,"href":"https:\/\/blog.zhaw.ch\/papierlosesstudium\/wp-json\/wp\/v2\/comments?post=9"}],"version-history":[{"count":25,"href":"https:\/\/blog.zhaw.ch\/papierlosesstudium\/wp-json\/wp\/v2\/pages\/9\/revisions"}],"predecessor-version":[{"id":3380,"href":"https:\/\/blog.zhaw.ch\/papierlosesstudium\/wp-json\/wp\/v2\/pages\/9\/revisions\/3380"}],"wp:attachment":[{"href":"https:\/\/blog.zhaw.ch\/papierlosesstudium\/wp-json\/wp\/v2\/media?parent=9"}],"curies":[{"name":"wp","href":"https:\/\/api.w.org\/{rel}","templated":true}]}}