{"id":13,"date":"2015-12-11T11:27:55","date_gmt":"2015-12-11T10:27:55","guid":{"rendered":"http:\/\/blog.zhaw.ch\/humancapital\/?page_id=13"},"modified":"2022-06-30T10:21:01","modified_gmt":"2022-06-30T08:21:01","slug":"ueber-uns","status":"publish","type":"page","link":"https:\/\/blog.zhaw.ch\/organizationalviability\/ueber-uns\/","title":{"rendered":"\u00dcber uns"},"content":{"rendered":"<div class=\"page\" title=\"Page 37\">\n<div class=\"layoutArea\">\n<div class=\"column\">\n<p>Das Umfeld von Organisationen wird durch Megatrends wie Digitalisierung, Globalisierung oder Mobilit\u00e4t immer anspruchsvoller. Hierbei handelt es sich um eine st\u00e4ndig steigende Komplexit\u00e4t, welche auf Unternehmen einwirkt und mit der umzugehen ist. Wir unterst\u00fctzen Organisationen in der Gestaltung der nachhaltigen Viabilit\u00e4t im Kontext von Komplexit\u00e4t. Dabei verfolgen wir einen integralen Ansatz: Wir setzen Mensch, Struktur und die Ausrichtung in den Fokus vom unternehmerischen Denken und Handeln.<\/p>\n<p><a href=\"https:\/\/www.zhaw.ch\/de\/sml\/institute-zentren\/iov\/\">www.zhaw.ch\/iov<\/a><\/p>\n<\/div>\n<\/div>\n<\/div>\n\n\n<p><\/p>\n","protected":false},"excerpt":{"rendered":"<p>Das Umfeld von Organisationen wird durch Megatrends wie Digitalisierung, Globalisierung oder Mobilit\u00e4t immer anspruchsvoller. Hierbei handelt es sich um eine st\u00e4ndig steigende Komplexit\u00e4t, welche auf Unternehmen einwirkt und mit der umzugehen ist. Wir unterst\u00fctzen Organisationen in der Gestaltung der nachhaltigen Viabilit\u00e4t im Kontext von Komplexit\u00e4t. Dabei verfolgen wir einen integralen Ansatz: Wir setzen Mensch, Struktur [&hellip;]<\/p>\n","protected":false},"author":484,"featured_media":2782,"parent":0,"menu_order":0,"comment_status":"closed","ping_status":"closed","template":"","meta":{"ngg_post_thumbnail":0,"footnotes":""},"class_list":["post-13","page","type-page","status-publish","has-post-thumbnail","hentry"],"yoast_head":"<!-- This site is optimized with the Yoast SEO Premium plugin v27.2 (Yoast SEO v27.2) - https:\/\/yoast.com\/product\/yoast-seo-premium-wordpress\/ -->\n<title>\u00dcber uns - Organizational Viability@ZHAW<\/title>\n<meta name=\"robots\" content=\"index, follow, max-snippet:-1, max-image-preview:large, max-video-preview:-1\" \/>\n<link rel=\"canonical\" href=\"https:\/\/blog.zhaw.ch\/organizationalviability\/ueber-uns\/\" \/>\n<meta property=\"og:locale\" content=\"de_DE\" \/>\n<meta property=\"og:type\" content=\"article\" \/>\n<meta property=\"og:title\" content=\"\u00dcber uns\" \/>\n<meta property=\"og:description\" content=\"Das Umfeld von Organisationen wird durch Megatrends wie Digitalisierung, Globalisierung oder Mobilit\u00e4t immer anspruchsvoller. Hierbei handelt es sich um eine st\u00e4ndig steigende Komplexit\u00e4t, welche auf Unternehmen einwirkt und mit der umzugehen ist. Wir unterst\u00fctzen Organisationen in der Gestaltung der nachhaltigen Viabilit\u00e4t im Kontext von Komplexit\u00e4t. Dabei verfolgen wir einen integralen Ansatz: Wir setzen Mensch, Struktur [&hellip;]\" \/>\n<meta property=\"og:url\" content=\"https:\/\/blog.zhaw.ch\/organizationalviability\/ueber-uns\/\" \/>\n<meta property=\"og:site_name\" content=\"Organizational Viability@ZHAW\" \/>\n<meta property=\"article:modified_time\" content=\"2022-06-30T08:21:01+00:00\" \/>\n<meta property=\"og:image\" content=\"https:\/\/blog.zhaw.ch\/organizationalviability\/files\/2022\/06\/ZHAW_SML_Grafik_IOV_2021_DE.jpg\" \/>\n\t<meta property=\"og:image:width\" content=\"2006\" \/>\n\t<meta property=\"og:image:height\" content=\"1228\" \/>\n\t<meta property=\"og:image:type\" content=\"image\/jpeg\" \/>\n<meta name=\"twitter:card\" content=\"summary_large_image\" \/>\n<script type=\"application\/ld+json\" class=\"yoast-schema-graph\">{\"@context\":\"https:\/\/schema.org\",\"@graph\":[{\"@type\":\"WebPage\",\"@id\":\"https:\/\/blog.zhaw.ch\/organizationalviability\/ueber-uns\/\",\"url\":\"https:\/\/blog.zhaw.ch\/organizationalviability\/ueber-uns\/\",\"name\":\"\u00dcber uns - Organizational Viability@ZHAW\",\"isPartOf\":{\"@id\":\"https:\/\/blog.zhaw.ch\/organizationalviability\/#website\"},\"primaryImageOfPage\":{\"@id\":\"https:\/\/blog.zhaw.ch\/organizationalviability\/ueber-uns\/#primaryimage\"},\"image\":{\"@id\":\"https:\/\/blog.zhaw.ch\/organizationalviability\/ueber-uns\/#primaryimage\"},\"thumbnailUrl\":\"https:\/\/blog.zhaw.ch\/organizationalviability\/files\/2022\/06\/ZHAW_SML_Grafik_IOV_2021_DE.jpg\",\"datePublished\":\"2015-12-11T10:27:55+00:00\",\"dateModified\":\"2022-06-30T08:21:01+00:00\",\"breadcrumb\":{\"@id\":\"https:\/\/blog.zhaw.ch\/organizationalviability\/ueber-uns\/#breadcrumb\"},\"inLanguage\":\"de\",\"potentialAction\":[{\"@type\":\"ReadAction\",\"target\":[\"https:\/\/blog.zhaw.ch\/organizationalviability\/ueber-uns\/\"]}]},{\"@type\":\"ImageObject\",\"inLanguage\":\"de\",\"@id\":\"https:\/\/blog.zhaw.ch\/organizationalviability\/ueber-uns\/#primaryimage\",\"url\":\"https:\/\/blog.zhaw.ch\/organizationalviability\/files\/2022\/06\/ZHAW_SML_Grafik_IOV_2021_DE.jpg\",\"contentUrl\":\"https:\/\/blog.zhaw.ch\/organizationalviability\/files\/2022\/06\/ZHAW_SML_Grafik_IOV_2021_DE.jpg\",\"width\":2006,\"height\":1228,\"caption\":\"Institute for Organizational Viability\"},{\"@type\":\"BreadcrumbList\",\"@id\":\"https:\/\/blog.zhaw.ch\/organizationalviability\/ueber-uns\/#breadcrumb\",\"itemListElement\":[{\"@type\":\"ListItem\",\"position\":1,\"name\":\"Startseite\",\"item\":\"https:\/\/blog.zhaw.ch\/organizationalviability\/\"},{\"@type\":\"ListItem\",\"position\":2,\"name\":\"\u00dcber uns\"}]},{\"@type\":\"WebSite\",\"@id\":\"https:\/\/blog.zhaw.ch\/organizationalviability\/#website\",\"url\":\"https:\/\/blog.zhaw.ch\/organizationalviability\/\",\"name\":\"Organizational Viability@ZHAW\",\"description\":\"Ein Blog der ZHAW Z\u00fcrcher Hochschule f\u00fcr Angewandte Wissenschaften\",\"potentialAction\":[{\"@type\":\"SearchAction\",\"target\":{\"@type\":\"EntryPoint\",\"urlTemplate\":\"https:\/\/blog.zhaw.ch\/organizationalviability\/?s={search_term_string}\"},\"query-input\":{\"@type\":\"PropertyValueSpecification\",\"valueRequired\":true,\"valueName\":\"search_term_string\"}}],\"inLanguage\":\"de\"}]}<\/script>\n<!-- \/ Yoast SEO Premium plugin. -->","yoast_head_json":{"title":"\u00dcber uns - Organizational Viability@ZHAW","robots":{"index":"index","follow":"follow","max-snippet":"max-snippet:-1","max-image-preview":"max-image-preview:large","max-video-preview":"max-video-preview:-1"},"canonical":"https:\/\/blog.zhaw.ch\/organizationalviability\/ueber-uns\/","og_locale":"de_DE","og_type":"article","og_title":"\u00dcber uns","og_description":"Das Umfeld von Organisationen wird durch Megatrends wie Digitalisierung, Globalisierung oder Mobilit\u00e4t immer anspruchsvoller. Hierbei handelt es sich um eine st\u00e4ndig steigende Komplexit\u00e4t, welche auf Unternehmen einwirkt und mit der umzugehen ist. Wir unterst\u00fctzen Organisationen in der Gestaltung der nachhaltigen Viabilit\u00e4t im Kontext von Komplexit\u00e4t. Dabei verfolgen wir einen integralen Ansatz: Wir setzen Mensch, Struktur [&hellip;]","og_url":"https:\/\/blog.zhaw.ch\/organizationalviability\/ueber-uns\/","og_site_name":"Organizational Viability@ZHAW","article_modified_time":"2022-06-30T08:21:01+00:00","og_image":[{"width":2006,"height":1228,"url":"https:\/\/blog.zhaw.ch\/organizationalviability\/files\/2022\/06\/ZHAW_SML_Grafik_IOV_2021_DE.jpg","type":"image\/jpeg"}],"twitter_card":"summary_large_image","schema":{"@context":"https:\/\/schema.org","@graph":[{"@type":"WebPage","@id":"https:\/\/blog.zhaw.ch\/organizationalviability\/ueber-uns\/","url":"https:\/\/blog.zhaw.ch\/organizationalviability\/ueber-uns\/","name":"\u00dcber uns - Organizational Viability@ZHAW","isPartOf":{"@id":"https:\/\/blog.zhaw.ch\/organizationalviability\/#website"},"primaryImageOfPage":{"@id":"https:\/\/blog.zhaw.ch\/organizationalviability\/ueber-uns\/#primaryimage"},"image":{"@id":"https:\/\/blog.zhaw.ch\/organizationalviability\/ueber-uns\/#primaryimage"},"thumbnailUrl":"https:\/\/blog.zhaw.ch\/organizationalviability\/files\/2022\/06\/ZHAW_SML_Grafik_IOV_2021_DE.jpg","datePublished":"2015-12-11T10:27:55+00:00","dateModified":"2022-06-30T08:21:01+00:00","breadcrumb":{"@id":"https:\/\/blog.zhaw.ch\/organizationalviability\/ueber-uns\/#breadcrumb"},"inLanguage":"de","potentialAction":[{"@type":"ReadAction","target":["https:\/\/blog.zhaw.ch\/organizationalviability\/ueber-uns\/"]}]},{"@type":"ImageObject","inLanguage":"de","@id":"https:\/\/blog.zhaw.ch\/organizationalviability\/ueber-uns\/#primaryimage","url":"https:\/\/blog.zhaw.ch\/organizationalviability\/files\/2022\/06\/ZHAW_SML_Grafik_IOV_2021_DE.jpg","contentUrl":"https:\/\/blog.zhaw.ch\/organizationalviability\/files\/2022\/06\/ZHAW_SML_Grafik_IOV_2021_DE.jpg","width":2006,"height":1228,"caption":"Institute for Organizational Viability"},{"@type":"BreadcrumbList","@id":"https:\/\/blog.zhaw.ch\/organizationalviability\/ueber-uns\/#breadcrumb","itemListElement":[{"@type":"ListItem","position":1,"name":"Startseite","item":"https:\/\/blog.zhaw.ch\/organizationalviability\/"},{"@type":"ListItem","position":2,"name":"\u00dcber uns"}]},{"@type":"WebSite","@id":"https:\/\/blog.zhaw.ch\/organizationalviability\/#website","url":"https:\/\/blog.zhaw.ch\/organizationalviability\/","name":"Organizational Viability@ZHAW","description":"Ein Blog der ZHAW Z\u00fcrcher Hochschule f\u00fcr Angewandte Wissenschaften","potentialAction":[{"@type":"SearchAction","target":{"@type":"EntryPoint","urlTemplate":"https:\/\/blog.zhaw.ch\/organizationalviability\/?s={search_term_string}"},"query-input":{"@type":"PropertyValueSpecification","valueRequired":true,"valueName":"search_term_string"}}],"inLanguage":"de"}]}},"_links":{"self":[{"href":"https:\/\/blog.zhaw.ch\/organizationalviability\/wp-json\/wp\/v2\/pages\/13","targetHints":{"allow":["GET"]}}],"collection":[{"href":"https:\/\/blog.zhaw.ch\/organizationalviability\/wp-json\/wp\/v2\/pages"}],"about":[{"href":"https:\/\/blog.zhaw.ch\/organizationalviability\/wp-json\/wp\/v2\/types\/page"}],"author":[{"embeddable":true,"href":"https:\/\/blog.zhaw.ch\/organizationalviability\/wp-json\/wp\/v2\/users\/484"}],"replies":[{"embeddable":true,"href":"https:\/\/blog.zhaw.ch\/organizationalviability\/wp-json\/wp\/v2\/comments?post=13"}],"version-history":[{"count":10,"href":"https:\/\/blog.zhaw.ch\/organizationalviability\/wp-json\/wp\/v2\/pages\/13\/revisions"}],"predecessor-version":[{"id":2787,"href":"https:\/\/blog.zhaw.ch\/organizationalviability\/wp-json\/wp\/v2\/pages\/13\/revisions\/2787"}],"wp:featuredmedia":[{"embeddable":true,"href":"https:\/\/blog.zhaw.ch\/organizationalviability\/wp-json\/wp\/v2\/media\/2782"}],"wp:attachment":[{"href":"https:\/\/blog.zhaw.ch\/organizationalviability\/wp-json\/wp\/v2\/media?parent=13"}],"curies":[{"name":"wp","href":"https:\/\/api.w.org\/{rel}","templated":true}]}}