{"id":12,"date":"2021-03-18T13:57:45","date_gmt":"2021-03-18T12:57:45","guid":{"rendered":"http:\/\/blog.zhaw.ch\/lehren-und-lernen\/?page_id=12"},"modified":"2024-03-19T14:17:45","modified_gmt":"2024-03-19T13:17:45","slug":"ueber-uns","status":"publish","type":"page","link":"https:\/\/blog.zhaw.ch\/lehren-und-lernen\/ueber-uns\/","title":{"rendered":"\u00dcber uns"},"content":{"rendered":"\n<p>Dieser Blog wird vom <a href=\"https:\/\/www.zhaw.ch\/de\/ueber-uns\/organisation\/rektorat\/ressort-bildung\/\" data-type=\"URL\" data-id=\"https:\/\/www.zhaw.ch\/de\/ueber-uns\/organisation\/rektorat\/ressort-bildung\/\" target=\"_blank\" rel=\"noreferrer noopener\">Ressort Bildung<\/a> der ZHAW zusammen mit einer vielf\u00e4ltigen Gruppe von Hochschulangeh\u00f6rigen aus unterschiedlichen Bereichen der grundst\u00e4ndigen Lehre und Weiterbildung betrieben. Was uns verbindet, ist unser gemeinsames Interesse an innovativen Lehr- und Lernszenarien und der Wunsch, uns dar\u00fcber auszutauschen.<\/p>\n\n\n\n<p>Kontakt f\u00fcr redaktionelle Anfragen: <a href=\"mailto:beratung.lehre@zhaw.ch\">bildung@zhaw.<\/a><a href=\"mailto:bildung@zhaw.ch\" rel=\"nofollow\">ch<\/a><\/p>\n","protected":false},"excerpt":{"rendered":"<p>Dieser Blog wird vom Ressort Bildung der ZHAW zusammen mit einer vielf\u00e4ltigen Gruppe von Hochschulangeh\u00f6rigen aus unterschiedlichen Bereichen der grundst\u00e4ndigen Lehre und Weiterbildung betrieben. Was uns verbindet, ist unser gemeinsames Interesse an innovativen Lehr- und Lernszenarien und der Wunsch, uns dar\u00fcber auszutauschen. Kontakt f\u00fcr redaktionelle Anfragen: bildung@zhaw.ch<\/p>\n","protected":false},"author":2,"featured_media":0,"parent":0,"menu_order":0,"comment_status":"closed","ping_status":"closed","template":"","meta":{"ngg_post_thumbnail":0,"footnotes":""},"class_list":["post-12","page","type-page","status-publish","hentry"],"yoast_head":"<!-- This site is optimized with the Yoast SEO Premium plugin v27.2 (Yoast SEO v27.2) - https:\/\/yoast.com\/product\/yoast-seo-premium-wordpress\/ -->\n<title>\u00dcber uns - Lehren und Lernen<\/title>\n<meta name=\"description\" content=\"Entdecken Sie auf unserem Blog innovative Lehr- und Lernszenarien, getragen vom Ressort Bildung der ZHAW und einer diversen Gruppe von Lehrenden.\" \/>\n<meta name=\"robots\" content=\"index, follow, max-snippet:-1, max-image-preview:large, max-video-preview:-1\" \/>\n<link rel=\"canonical\" href=\"https:\/\/blog.zhaw.ch\/lehren-und-lernen\/ueber-uns\/\" \/>\n<meta property=\"og:locale\" content=\"de_DE\" \/>\n<meta property=\"og:type\" content=\"article\" \/>\n<meta property=\"og:title\" content=\"\u00dcber uns\" \/>\n<meta property=\"og:description\" content=\"Entdecken Sie auf unserem Blog innovative Lehr- und Lernszenarien, getragen vom Ressort Bildung der ZHAW und einer diversen Gruppe von Lehrenden.\" \/>\n<meta property=\"og:url\" content=\"https:\/\/blog.zhaw.ch\/lehren-und-lernen\/ueber-uns\/\" \/>\n<meta property=\"og:site_name\" content=\"Lehren und Lernen\" \/>\n<meta property=\"article:modified_time\" content=\"2024-03-19T13:17:45+00:00\" \/>\n<meta name=\"twitter:card\" content=\"summary_large_image\" \/>\n<meta name=\"twitter:label1\" content=\"Gesch\u00e4tzte Lesezeit\" \/>\n\t<meta name=\"twitter:data1\" content=\"1\u00a0Minute\" \/>\n<script type=\"application\/ld+json\" class=\"yoast-schema-graph\">{\"@context\":\"https:\/\/schema.org\",\"@graph\":[{\"@type\":\"WebPage\",\"@id\":\"https:\/\/blog.zhaw.ch\/lehren-und-lernen\/ueber-uns\/\",\"url\":\"https:\/\/blog.zhaw.ch\/lehren-und-lernen\/ueber-uns\/\",\"name\":\"\u00dcber uns - Lehren und Lernen\",\"isPartOf\":{\"@id\":\"https:\/\/blog.zhaw.ch\/lehren-und-lernen\/#website\"},\"datePublished\":\"2021-03-18T12:57:45+00:00\",\"dateModified\":\"2024-03-19T13:17:45+00:00\",\"description\":\"Entdecken Sie auf unserem Blog innovative Lehr- und Lernszenarien, getragen vom Ressort Bildung der ZHAW und einer diversen Gruppe von Lehrenden.\",\"breadcrumb\":{\"@id\":\"https:\/\/blog.zhaw.ch\/lehren-und-lernen\/ueber-uns\/#breadcrumb\"},\"inLanguage\":\"de\",\"potentialAction\":[{\"@type\":\"ReadAction\",\"target\":[\"https:\/\/blog.zhaw.ch\/lehren-und-lernen\/ueber-uns\/\"]}]},{\"@type\":\"BreadcrumbList\",\"@id\":\"https:\/\/blog.zhaw.ch\/lehren-und-lernen\/ueber-uns\/#breadcrumb\",\"itemListElement\":[{\"@type\":\"ListItem\",\"position\":1,\"name\":\"Startseite\",\"item\":\"https:\/\/blog.zhaw.ch\/lehren-und-lernen\/\"},{\"@type\":\"ListItem\",\"position\":2,\"name\":\"\u00dcber uns\"}]},{\"@type\":\"WebSite\",\"@id\":\"https:\/\/blog.zhaw.ch\/lehren-und-lernen\/#website\",\"url\":\"https:\/\/blog.zhaw.ch\/lehren-und-lernen\/\",\"name\":\"Lehren und Lernen\",\"description\":\"Ein Blog der ZHAW Z\u00fcrcher Hochschule f\u00fcr Angewandte Wissenschaften\",\"potentialAction\":[{\"@type\":\"SearchAction\",\"target\":{\"@type\":\"EntryPoint\",\"urlTemplate\":\"https:\/\/blog.zhaw.ch\/lehren-und-lernen\/?s={search_term_string}\"},\"query-input\":{\"@type\":\"PropertyValueSpecification\",\"valueRequired\":true,\"valueName\":\"search_term_string\"}}],\"inLanguage\":\"de\"}]}<\/script>\n<!-- \/ Yoast SEO Premium plugin. -->","yoast_head_json":{"title":"\u00dcber uns - Lehren und Lernen","description":"Entdecken Sie auf unserem Blog innovative Lehr- und Lernszenarien, getragen vom Ressort Bildung der ZHAW und einer diversen Gruppe von Lehrenden.","robots":{"index":"index","follow":"follow","max-snippet":"max-snippet:-1","max-image-preview":"max-image-preview:large","max-video-preview":"max-video-preview:-1"},"canonical":"https:\/\/blog.zhaw.ch\/lehren-und-lernen\/ueber-uns\/","og_locale":"de_DE","og_type":"article","og_title":"\u00dcber uns","og_description":"Entdecken Sie auf unserem Blog innovative Lehr- und Lernszenarien, getragen vom Ressort Bildung der ZHAW und einer diversen Gruppe von Lehrenden.","og_url":"https:\/\/blog.zhaw.ch\/lehren-und-lernen\/ueber-uns\/","og_site_name":"Lehren und Lernen","article_modified_time":"2024-03-19T13:17:45+00:00","twitter_card":"summary_large_image","twitter_misc":{"Gesch\u00e4tzte Lesezeit":"1\u00a0Minute"},"schema":{"@context":"https:\/\/schema.org","@graph":[{"@type":"WebPage","@id":"https:\/\/blog.zhaw.ch\/lehren-und-lernen\/ueber-uns\/","url":"https:\/\/blog.zhaw.ch\/lehren-und-lernen\/ueber-uns\/","name":"\u00dcber uns - Lehren und Lernen","isPartOf":{"@id":"https:\/\/blog.zhaw.ch\/lehren-und-lernen\/#website"},"datePublished":"2021-03-18T12:57:45+00:00","dateModified":"2024-03-19T13:17:45+00:00","description":"Entdecken Sie auf unserem Blog innovative Lehr- und Lernszenarien, getragen vom Ressort Bildung der ZHAW und einer diversen Gruppe von Lehrenden.","breadcrumb":{"@id":"https:\/\/blog.zhaw.ch\/lehren-und-lernen\/ueber-uns\/#breadcrumb"},"inLanguage":"de","potentialAction":[{"@type":"ReadAction","target":["https:\/\/blog.zhaw.ch\/lehren-und-lernen\/ueber-uns\/"]}]},{"@type":"BreadcrumbList","@id":"https:\/\/blog.zhaw.ch\/lehren-und-lernen\/ueber-uns\/#breadcrumb","itemListElement":[{"@type":"ListItem","position":1,"name":"Startseite","item":"https:\/\/blog.zhaw.ch\/lehren-und-lernen\/"},{"@type":"ListItem","position":2,"name":"\u00dcber uns"}]},{"@type":"WebSite","@id":"https:\/\/blog.zhaw.ch\/lehren-und-lernen\/#website","url":"https:\/\/blog.zhaw.ch\/lehren-und-lernen\/","name":"Lehren und Lernen","description":"Ein Blog der ZHAW Z\u00fcrcher Hochschule f\u00fcr Angewandte Wissenschaften","potentialAction":[{"@type":"SearchAction","target":{"@type":"EntryPoint","urlTemplate":"https:\/\/blog.zhaw.ch\/lehren-und-lernen\/?s={search_term_string}"},"query-input":{"@type":"PropertyValueSpecification","valueRequired":true,"valueName":"search_term_string"}}],"inLanguage":"de"}]}},"_links":{"self":[{"href":"https:\/\/blog.zhaw.ch\/lehren-und-lernen\/wp-json\/wp\/v2\/pages\/12","targetHints":{"allow":["GET"]}}],"collection":[{"href":"https:\/\/blog.zhaw.ch\/lehren-und-lernen\/wp-json\/wp\/v2\/pages"}],"about":[{"href":"https:\/\/blog.zhaw.ch\/lehren-und-lernen\/wp-json\/wp\/v2\/types\/page"}],"author":[{"embeddable":true,"href":"https:\/\/blog.zhaw.ch\/lehren-und-lernen\/wp-json\/wp\/v2\/users\/2"}],"replies":[{"embeddable":true,"href":"https:\/\/blog.zhaw.ch\/lehren-und-lernen\/wp-json\/wp\/v2\/comments?post=12"}],"version-history":[{"count":15,"href":"https:\/\/blog.zhaw.ch\/lehren-und-lernen\/wp-json\/wp\/v2\/pages\/12\/revisions"}],"predecessor-version":[{"id":2687,"href":"https:\/\/blog.zhaw.ch\/lehren-und-lernen\/wp-json\/wp\/v2\/pages\/12\/revisions\/2687"}],"wp:attachment":[{"href":"https:\/\/blog.zhaw.ch\/lehren-und-lernen\/wp-json\/wp\/v2\/media?parent=12"}],"curies":[{"name":"wp","href":"https:\/\/api.w.org\/{rel}","templated":true}]}}