{"version":"1.0","provider_name":"Language matters.","provider_url":"https:\/\/blog.zhaw.ch\/languagematters","author_name":"magt","author_url":"https:\/\/blog.zhaw.ch\/languagematters\/author\/magt\/","title":"Dank Alphabetisierungskursen zu mehr Autonomie im gesellschaftlichen Alltag","type":"rich","width":600,"height":338,"html":"<blockquote class=\"wp-embedded-content\" data-secret=\"xc1f9sacHA\"><a href=\"https:\/\/blog.zhaw.ch\/languagematters\/2021\/10\/06\/alphabetisierungskurse-autonomie\/\">Dank Alphabetisierungskursen zu mehr Autonomie im gesellschaftlichen Alltag<\/a><\/blockquote><iframe sandbox=\"allow-scripts\" security=\"restricted\" src=\"https:\/\/blog.zhaw.ch\/languagematters\/2021\/10\/06\/alphabetisierungskurse-autonomie\/embed\/#?secret=xc1f9sacHA\" width=\"600\" height=\"338\" title=\"&#8222;Dank Alphabetisierungskursen zu mehr Autonomie im gesellschaftlichen Alltag&#8220; &#8211; Language matters.\" data-secret=\"xc1f9sacHA\" frameborder=\"0\" marginwidth=\"0\" marginheight=\"0\" scrolling=\"no\" class=\"wp-embedded-content\"><\/iframe><script>\n\/*! This file is auto-generated *\/\n!function(d,l){\"use strict\";l.querySelector&&d.addEventListener&&\"undefined\"!=typeof URL&&(d.wp=d.wp||{},d.wp.receiveEmbedMessage||(d.wp.receiveEmbedMessage=function(e){var t=e.data;if((t||t.secret||t.message||t.value)&&!\/[^a-zA-Z0-9]\/.test(t.secret)){for(var s,r,n,a=l.querySelectorAll('iframe[data-secret=\"'+t.secret+'\"]'),o=l.querySelectorAll('blockquote[data-secret=\"'+t.secret+'\"]'),c=new RegExp(\"^https?:$\",\"i\"),i=0;i<o.length;i++)o[i].style.display=\"none\";for(i=0;i<a.length;i++)s=a[i],e.source===s.contentWindow&&(s.removeAttribute(\"style\"),\"height\"===t.message?(1e3<(r=parseInt(t.value,10))?r=1e3:~~r<200&&(r=200),s.height=r):\"link\"===t.message&&(r=new URL(s.getAttribute(\"src\")),n=new URL(t.value),c.test(n.protocol))&&n.host===r.host&&l.activeElement===s&&(d.top.location.href=t.value))}},d.addEventListener(\"message\",d.wp.receiveEmbedMessage,!1),l.addEventListener(\"DOMContentLoaded\",function(){for(var e,t,s=l.querySelectorAll(\"iframe.wp-embedded-content\"),r=0;r<s.length;r++)(t=(e=s[r]).getAttribute(\"data-secret\"))||(t=Math.random().toString(36).substring(2,12),e.src+=\"#?secret=\"+t,e.setAttribute(\"data-secret\",t)),e.contentWindow.postMessage({message:\"ready\",secret:t},\"*\")},!1)))}(window,document);\n\/\/# sourceURL=https:\/\/blog.zhaw.ch\/languagematters\/wp-includes\/js\/wp-embed.min.js\n<\/script>\n","thumbnail_url":"http:\/\/blog.zhaw.ch\/languagematters\/files\/2021\/09\/IMG_4734.jpg","thumbnail_width":2016,"thumbnail_height":1512,"description":"Feride Altintren ist urspr\u00fcnglich Sozialp\u00e4dagogin, jedoch seit vielen Jahren als Lehrperson f\u00fcr Deutsch als Zweitsprache t\u00e4tig. Als sie spontan die Leitung eines Alphabetisierungskurses \u00fcbernehmen durfte, begann sie sich vertiefter mit der Methodik und Didaktik des Alphabetisierungsunterrichts auseinanderzusetzen. Dank dem Lehrgang \u00abCAS Alphabetisierung im DaZ-Unterricht\u00bb am Institute of Language Competence kann sie jetzt Theorie und Praxis besser verkn\u00fcpfen und professioneller unterrichten."}

Feride Altintren ist ursprünglich Sozialpädagogin, jedoch seit vielen Jahren als Lehrperson für Deutsch als Zweitsprache tätig. Als sie spontan die Leitung eines Alphabetisierungskurses übernehmen durfte, begann sie sich vertiefter mit der Methodik und Didaktik des Alphabetisierungsunterrichts auseinanderzusetzen. Dank dem Lehrgang «CAS Alphabetisierung im DaZ-Unterricht» am Institute of Language Competence kann sie jetzt Theorie und Praxis besser verknüpfen und professioneller unterrichten.
