{"version":"1.0","provider_name":"Language matters.","provider_url":"https:\/\/blog.zhaw.ch\/languagematters","author_name":"weru","author_url":"https:\/\/blog.zhaw.ch\/languagematters\/author\/weru\/","title":"Die linguistischen Wege einer Ethnologin","type":"rich","width":600,"height":338,"html":"<blockquote class=\"wp-embedded-content\" data-secret=\"MLIyYjqrld\"><a href=\"https:\/\/blog.zhaw.ch\/languagematters\/2019\/06\/07\/die-linguistischen-wege-einer-ethnologin\/\">Die linguistischen Wege einer Ethnologin<\/a><\/blockquote><iframe sandbox=\"allow-scripts\" security=\"restricted\" src=\"https:\/\/blog.zhaw.ch\/languagematters\/2019\/06\/07\/die-linguistischen-wege-einer-ethnologin\/embed\/#?secret=MLIyYjqrld\" width=\"600\" height=\"338\" title=\"&#8222;Die linguistischen Wege einer Ethnologin&#8220; &#8211; Language matters.\" data-secret=\"MLIyYjqrld\" frameborder=\"0\" marginwidth=\"0\" marginheight=\"0\" scrolling=\"no\" class=\"wp-embedded-content\"><\/iframe><script>\n\/*! This file is auto-generated *\/\n!function(d,l){\"use strict\";l.querySelector&&d.addEventListener&&\"undefined\"!=typeof URL&&(d.wp=d.wp||{},d.wp.receiveEmbedMessage||(d.wp.receiveEmbedMessage=function(e){var t=e.data;if((t||t.secret||t.message||t.value)&&!\/[^a-zA-Z0-9]\/.test(t.secret)){for(var s,r,n,a=l.querySelectorAll('iframe[data-secret=\"'+t.secret+'\"]'),o=l.querySelectorAll('blockquote[data-secret=\"'+t.secret+'\"]'),c=new RegExp(\"^https?:$\",\"i\"),i=0;i<o.length;i++)o[i].style.display=\"none\";for(i=0;i<a.length;i++)s=a[i],e.source===s.contentWindow&&(s.removeAttribute(\"style\"),\"height\"===t.message?(1e3<(r=parseInt(t.value,10))?r=1e3:~~r<200&&(r=200),s.height=r):\"link\"===t.message&&(r=new URL(s.getAttribute(\"src\")),n=new URL(t.value),c.test(n.protocol))&&n.host===r.host&&l.activeElement===s&&(d.top.location.href=t.value))}},d.addEventListener(\"message\",d.wp.receiveEmbedMessage,!1),l.addEventListener(\"DOMContentLoaded\",function(){for(var e,t,s=l.querySelectorAll(\"iframe.wp-embedded-content\"),r=0;r<s.length;r++)(t=(e=s[r]).getAttribute(\"data-secret\"))||(t=Math.random().toString(36).substring(2,12),e.src+=\"#?secret=\"+t,e.setAttribute(\"data-secret\",t)),e.contentWindow.postMessage({message:\"ready\",secret:t},\"*\")},!1)))}(window,document);\n\/\/# sourceURL=https:\/\/blog.zhaw.ch\/languagematters\/wp-includes\/js\/wp-embed.min.js\n<\/script>\n","description":"Virgina Suter Reich, Jahrgang&nbsp;1977,&nbsp;war von 2011&nbsp;bis Februar 2019&nbsp;wissenschaftliche Mitarbeiterin am ILC Institute of Language Competence und von&nbsp;2014&nbsp;bis Februar 2019&nbsp;Co-Leiterin&nbsp;des CAS Deutsch als Zweitsprache.&nbsp;In ihrer Doktorarbeit erforschte&nbsp;sie&nbsp;die Institutionalisierung und gesellschaftliche Verortung der alevitischen Bewegung in der Schweiz.&nbsp;Virginias&nbsp;facettenreicher&nbsp;Weg&nbsp;f\u00fchrte&nbsp;sie&nbsp;von der Universit\u00e4t Lausanne&nbsp;\u00fcber Forschungsaufenthalte in&nbsp;Afrika&nbsp;\u00fcber&nbsp;den&nbsp;Schweizerischen Wissenschafts- und Technologierat&nbsp;zur ZHAW.&nbsp;Virginia ist dreifache Mutter. Wie sie&nbsp;die Balance zwischen Familien- und Hochschulleben&nbsp;gemeistert&nbsp;hat [&hellip;]","thumbnail_url":"http:\/\/blog.zhaw.ch\/languagematters\/files\/2019\/06\/Virgina-Suter-Reich-2.jpg","thumbnail_width":1500,"thumbnail_height":1000}

Virgina Suter Reich, Jahrgang&nbsp;1977,&nbsp;war von 2011&nbsp;bis Februar 2019&nbsp;wissenschaftliche Mitarbeiterin am ILC Institute of Language Competence und von&nbsp;2014&nbsp;bis Februar 2019&nbsp;Co-Leiterin&nbsp;des CAS Deutsch als Zweitsprache.&nbsp;In ihrer Doktorarbeit erforschte&nbsp;sie&nbsp;die Institutionalisierung und gesellschaftliche Verortung der alevitischen Bewegung in der Schweiz.&nbsp;Virginias&nbsp;facettenreicher&nbsp;Weg&nbsp;führte&nbsp;sie&nbsp;von der Universität Lausanne&nbsp;über Forschungsaufenthalte in&nbsp;Afrika&nbsp;über&nbsp;den&nbsp;Schweizerischen Wissenschafts- und Technologierat&nbsp;zur ZHAW.&nbsp;Virginia ist dreifache Mutter. Wie sie&nbsp;die Balance zwischen Familien- und Hochschulleben&nbsp;gemeistert&nbsp;hat [&hellip;]
