{"version":"1.0","provider_name":"Psychologie im Alltag nutzen","provider_url":"https:\/\/blog.zhaw.ch\/iap","author_name":"Redaktion","author_url":"https:\/\/blog.zhaw.ch\/iap\/author\/bolj\/","title":"\u201eEssen hat viel mit Selbstbestimmung zu tun\u201c","type":"rich","width":600,"height":338,"html":"<blockquote class=\"wp-embedded-content\" data-secret=\"6H02S8rnIs\"><a href=\"https:\/\/blog.zhaw.ch\/iap\/2016\/08\/18\/essen-hat-viel-mit-selbstbestimmung-zu-tun\/\">\u201eEssen hat viel mit Selbstbestimmung zu tun\u201c<\/a><\/blockquote><iframe sandbox=\"allow-scripts\" security=\"restricted\" src=\"https:\/\/blog.zhaw.ch\/iap\/2016\/08\/18\/essen-hat-viel-mit-selbstbestimmung-zu-tun\/embed\/#?secret=6H02S8rnIs\" width=\"600\" height=\"338\" title=\"&#8222;\u201eEssen hat viel mit Selbstbestimmung zu tun\u201c&#8220; &#8211; Psychologie im Alltag nutzen\" data-secret=\"6H02S8rnIs\" frameborder=\"0\" marginwidth=\"0\" marginheight=\"0\" scrolling=\"no\" class=\"wp-embedded-content\"><\/iframe><script>\n\/*! This file is auto-generated *\/\n!function(d,l){\"use strict\";l.querySelector&&d.addEventListener&&\"undefined\"!=typeof URL&&(d.wp=d.wp||{},d.wp.receiveEmbedMessage||(d.wp.receiveEmbedMessage=function(e){var t=e.data;if((t||t.secret||t.message||t.value)&&!\/[^a-zA-Z0-9]\/.test(t.secret)){for(var s,r,n,a=l.querySelectorAll('iframe[data-secret=\"'+t.secret+'\"]'),o=l.querySelectorAll('blockquote[data-secret=\"'+t.secret+'\"]'),c=new RegExp(\"^https?:$\",\"i\"),i=0;i<o.length;i++)o[i].style.display=\"none\";for(i=0;i<a.length;i++)s=a[i],e.source===s.contentWindow&&(s.removeAttribute(\"style\"),\"height\"===t.message?(1e3<(r=parseInt(t.value,10))?r=1e3:~~r<200&&(r=200),s.height=r):\"link\"===t.message&&(r=new URL(s.getAttribute(\"src\")),n=new URL(t.value),c.test(n.protocol))&&n.host===r.host&&l.activeElement===s&&(d.top.location.href=t.value))}},d.addEventListener(\"message\",d.wp.receiveEmbedMessage,!1),l.addEventListener(\"DOMContentLoaded\",function(){for(var e,t,s=l.querySelectorAll(\"iframe.wp-embedded-content\"),r=0;r<s.length;r++)(t=(e=s[r]).getAttribute(\"data-secret\"))||(t=Math.random().toString(36).substring(2,12),e.src+=\"#?secret=\"+t,e.setAttribute(\"data-secret\",t)),e.contentWindow.postMessage({message:\"ready\",secret:t},\"*\")},!1)))}(window,document);\n\/\/# sourceURL=https:\/\/blog.zhaw.ch\/iap\/wp-includes\/js\/wp-embed.min.js\n<\/script>\n","thumbnail_url":"https:\/\/blog.zhaw.ch\/iap\/files\/2016\/08\/vreni_giger.jpg","thumbnail_width":1024,"thumbnail_height":768,"description":"Vreni Giger ist eine der hevorragendsten K\u00f6chinnen der Schweiz. Die mit 17 GaultMillau-Punkten ausgezeichnete K\u00fcchenchefin spricht am 6. September an der Fachtagung &#8222;IAP Dialog&#8220; \u00fcber \u201eIndividualisierung in Organisationen\u201c. Was sie als K\u00f6chin ausmacht, viel Individualit\u00e4t in ihrer K\u00fcche m\u00f6glich ist und was Essen mit Selbstbestimmung zu tun hat, erz\u00e4hlt sie im folgenden Interview. Vreni Giger, [&hellip;]"}

Vreni Giger ist eine der hevorragendsten Köchinnen der Schweiz. Die mit 17 GaultMillau-Punkten ausgezeichnete Küchenchefin spricht am 6. September an der Fachtagung &#8222;IAP Dialog&#8220; über „Individualisierung in Organisationen“. Was sie als Köchin ausmacht, viel Individualität in ihrer Küche möglich ist und was Essen mit Selbstbestimmung zu tun hat, erzählt sie im folgenden Interview. Vreni Giger, [&hellip;]
