{"id":7,"date":"2014-03-21T08:52:01","date_gmt":"2014-03-21T07:52:01","guid":{"rendered":"http:\/\/blog.zhaw.ch\/iam\/?page_id=7"},"modified":"2015-10-21T11:39:36","modified_gmt":"2015-10-21T09:39:36","slug":"impressum","status":"publish","type":"page","link":"https:\/\/blog.zhaw.ch\/iam\/impressum\/","title":{"rendered":"Impressum"},"content":{"rendered":"<p><strong>Redaktion<br \/>\n<\/strong><a href=\"http:\/\/www.zhaw.ch\/fileadmin\/php_includes\/popup\/person-detail.php?kurzz=gnaa\" target=\"_blank\">Aleksandra Gnach<\/a><br \/>\n<a href=\"http:\/\/www.zhaw.ch\/fileadmin\/php_includes\/popup\/person-detail.php?kurzz=harz\" target=\"_blank\">Deborah Harzenmoser<\/a><br \/>\nsowie Dozierende, Forschende, Studierende, AbsolventInnen und BerufsexpertInnen<\/p>\n<p><strong>Unsere Adresse<\/strong><br \/>\nZHAW Z\u00fcrcher Hochschule f\u00fcr Angewandte Wissenschaften<br \/>\nIAM Institut f\u00fcr Angewandte Medienwissenschaft<br \/>\nTheaterstrasse 15c<br \/>\nCH-8401 Winterthur<br \/>\n<a href=\"mailto:news.iam@zhaw.ch\">news.iam@zhaw.ch<\/a><\/p>\n<p>&nbsp;<\/p>\n<p>&nbsp;<\/p>\n","protected":false},"excerpt":{"rendered":"<p>Redaktion Aleksandra Gnach Deborah Harzenmoser sowie Dozierende, Forschende, Studierende, AbsolventInnen und BerufsexpertInnen Unsere Adresse ZHAW Z\u00fcrcher Hochschule f\u00fcr Angewandte Wissenschaften IAM Institut f\u00fcr Angewandte Medienwissenschaft Theaterstrasse 15c CH-8401 Winterthur news.iam@zhaw.ch &nbsp; &nbsp;<\/p>\n","protected":false},"author":2,"featured_media":0,"parent":0,"menu_order":0,"comment_status":"closed","ping_status":"closed","template":"","meta":{"ngg_post_thumbnail":0,"footnotes":""},"class_list":["post-7","page","type-page","status-publish","hentry"],"yoast_head":"<!-- This site is optimized with the Yoast SEO Premium plugin v27.2 (Yoast SEO v27.2) - https:\/\/yoast.com\/product\/yoast-seo-premium-wordpress\/ -->\n<title>Impressum - Wissen, was Kommunikation bewegt<\/title>\n<meta name=\"robots\" content=\"index, follow, max-snippet:-1, max-image-preview:large, max-video-preview:-1\" \/>\n<link rel=\"canonical\" href=\"https:\/\/blog.zhaw.ch\/iam\/impressum\/\" \/>\n<meta property=\"og:locale\" content=\"de_DE\" \/>\n<meta property=\"og:type\" content=\"article\" \/>\n<meta property=\"og:title\" content=\"Impressum\" \/>\n<meta property=\"og:description\" content=\"Redaktion Aleksandra Gnach Deborah Harzenmoser sowie Dozierende, Forschende, Studierende, AbsolventInnen und BerufsexpertInnen Unsere Adresse ZHAW Z\u00fcrcher Hochschule f\u00fcr Angewandte Wissenschaften IAM Institut f\u00fcr Angewandte Medienwissenschaft Theaterstrasse 15c CH-8401 Winterthur news.iam@zhaw.ch &nbsp; &nbsp;\" \/>\n<meta property=\"og:url\" content=\"https:\/\/blog.zhaw.ch\/iam\/impressum\/\" \/>\n<meta property=\"og:site_name\" content=\"Wissen, was Kommunikation bewegt\" \/>\n<meta property=\"article:modified_time\" content=\"2015-10-21T09:39:36+00:00\" \/>\n<meta name=\"twitter:card\" content=\"summary_large_image\" \/>\n<script type=\"application\/ld+json\" class=\"yoast-schema-graph\">{\"@context\":\"https:\/\/schema.org\",\"@graph\":[{\"@type\":\"WebPage\",\"@id\":\"https:\/\/blog.zhaw.ch\/iam\/impressum\/\",\"url\":\"https:\/\/blog.zhaw.ch\/iam\/impressum\/\",\"name\":\"Impressum - Wissen, was Kommunikation bewegt\",\"isPartOf\":{\"@id\":\"https:\/\/blog.zhaw.ch\/iam\/#website\"},\"datePublished\":\"2014-03-21T07:52:01+00:00\",\"dateModified\":\"2015-10-21T09:39:36+00:00\",\"breadcrumb\":{\"@id\":\"https:\/\/blog.zhaw.ch\/iam\/impressum\/#breadcrumb\"},\"inLanguage\":\"de\",\"potentialAction\":[{\"@type\":\"ReadAction\",\"target\":[\"https:\/\/blog.zhaw.ch\/iam\/impressum\/\"]}]},{\"@type\":\"BreadcrumbList\",\"@id\":\"https:\/\/blog.zhaw.ch\/iam\/impressum\/#breadcrumb\",\"itemListElement\":[{\"@type\":\"ListItem\",\"position\":1,\"name\":\"Startseite\",\"item\":\"https:\/\/blog.zhaw.ch\/iam\/\"},{\"@type\":\"ListItem\",\"position\":2,\"name\":\"Impressum\"}]},{\"@type\":\"WebSite\",\"@id\":\"https:\/\/blog.zhaw.ch\/iam\/#website\",\"url\":\"https:\/\/blog.zhaw.ch\/iam\/\",\"name\":\"Wissen, was Kommunikation bewegt\",\"description\":\"Ein Blog der ZHAW Z\u00fcrcher Hochschule f\u00fcr Angewandte Wissenschaften\",\"potentialAction\":[{\"@type\":\"SearchAction\",\"target\":{\"@type\":\"EntryPoint\",\"urlTemplate\":\"https:\/\/blog.zhaw.ch\/iam\/?s={search_term_string}\"},\"query-input\":{\"@type\":\"PropertyValueSpecification\",\"valueRequired\":true,\"valueName\":\"search_term_string\"}}],\"inLanguage\":\"de\"}]}<\/script>\n<!-- \/ Yoast SEO Premium plugin. -->","yoast_head_json":{"title":"Impressum - Wissen, was Kommunikation bewegt","robots":{"index":"index","follow":"follow","max-snippet":"max-snippet:-1","max-image-preview":"max-image-preview:large","max-video-preview":"max-video-preview:-1"},"canonical":"https:\/\/blog.zhaw.ch\/iam\/impressum\/","og_locale":"de_DE","og_type":"article","og_title":"Impressum","og_description":"Redaktion Aleksandra Gnach Deborah Harzenmoser sowie Dozierende, Forschende, Studierende, AbsolventInnen und BerufsexpertInnen Unsere Adresse ZHAW Z\u00fcrcher Hochschule f\u00fcr Angewandte Wissenschaften IAM Institut f\u00fcr Angewandte Medienwissenschaft Theaterstrasse 15c CH-8401 Winterthur news.iam@zhaw.ch &nbsp; &nbsp;","og_url":"https:\/\/blog.zhaw.ch\/iam\/impressum\/","og_site_name":"Wissen, was Kommunikation bewegt","article_modified_time":"2015-10-21T09:39:36+00:00","twitter_card":"summary_large_image","schema":{"@context":"https:\/\/schema.org","@graph":[{"@type":"WebPage","@id":"https:\/\/blog.zhaw.ch\/iam\/impressum\/","url":"https:\/\/blog.zhaw.ch\/iam\/impressum\/","name":"Impressum - Wissen, was Kommunikation bewegt","isPartOf":{"@id":"https:\/\/blog.zhaw.ch\/iam\/#website"},"datePublished":"2014-03-21T07:52:01+00:00","dateModified":"2015-10-21T09:39:36+00:00","breadcrumb":{"@id":"https:\/\/blog.zhaw.ch\/iam\/impressum\/#breadcrumb"},"inLanguage":"de","potentialAction":[{"@type":"ReadAction","target":["https:\/\/blog.zhaw.ch\/iam\/impressum\/"]}]},{"@type":"BreadcrumbList","@id":"https:\/\/blog.zhaw.ch\/iam\/impressum\/#breadcrumb","itemListElement":[{"@type":"ListItem","position":1,"name":"Startseite","item":"https:\/\/blog.zhaw.ch\/iam\/"},{"@type":"ListItem","position":2,"name":"Impressum"}]},{"@type":"WebSite","@id":"https:\/\/blog.zhaw.ch\/iam\/#website","url":"https:\/\/blog.zhaw.ch\/iam\/","name":"Wissen, was Kommunikation bewegt","description":"Ein Blog der ZHAW Z\u00fcrcher Hochschule f\u00fcr Angewandte Wissenschaften","potentialAction":[{"@type":"SearchAction","target":{"@type":"EntryPoint","urlTemplate":"https:\/\/blog.zhaw.ch\/iam\/?s={search_term_string}"},"query-input":{"@type":"PropertyValueSpecification","valueRequired":true,"valueName":"search_term_string"}}],"inLanguage":"de"}]}},"_links":{"self":[{"href":"https:\/\/blog.zhaw.ch\/iam\/wp-json\/wp\/v2\/pages\/7","targetHints":{"allow":["GET"]}}],"collection":[{"href":"https:\/\/blog.zhaw.ch\/iam\/wp-json\/wp\/v2\/pages"}],"about":[{"href":"https:\/\/blog.zhaw.ch\/iam\/wp-json\/wp\/v2\/types\/page"}],"author":[{"embeddable":true,"href":"https:\/\/blog.zhaw.ch\/iam\/wp-json\/wp\/v2\/users\/2"}],"replies":[{"embeddable":true,"href":"https:\/\/blog.zhaw.ch\/iam\/wp-json\/wp\/v2\/comments?post=7"}],"version-history":[{"count":15,"href":"https:\/\/blog.zhaw.ch\/iam\/wp-json\/wp\/v2\/pages\/7\/revisions"}],"predecessor-version":[{"id":1188,"href":"https:\/\/blog.zhaw.ch\/iam\/wp-json\/wp\/v2\/pages\/7\/revisions\/1188"}],"wp:attachment":[{"href":"https:\/\/blog.zhaw.ch\/iam\/wp-json\/wp\/v2\/media?parent=7"}],"curies":[{"name":"wp","href":"https:\/\/api.w.org\/{rel}","templated":true}]}}