{"id":5,"date":"2014-03-21T08:51:35","date_gmt":"2014-03-21T07:51:35","guid":{"rendered":"http:\/\/blog.zhaw.ch\/iam\/?page_id=5"},"modified":"2016-10-24T11:40:28","modified_gmt":"2016-10-24T09:40:28","slug":"ueber-uns","status":"publish","type":"page","link":"https:\/\/blog.zhaw.ch\/iam\/ueber-uns\/","title":{"rendered":"\u00dcber uns"},"content":{"rendered":"<div id=\"c414\">\n<p>Das IAM professionalisiert Kommunikation in den Berufsfeldern Journalismus und Organisationskommunikation. Es nimmt den ganzen Leistungsauftrag der Hochschulen wahr: <a href=\"https:\/\/www.zhaw.ch\/de\/linguistik\/institute-zentren\/iam\/studium\/\">Ausbildung<\/a>, <a href=\"https:\/\/www.zhaw.ch\/de\/linguistik\/institute-zentren\/iam\/weiterbildung\/\">Weiterbildung<\/a>, <a href=\"https:\/\/www.zhaw.ch\/de\/linguistik\/institute-zentren\/iam\/forschung\/\">Forschung<\/a> und <a href=\"https:\/\/www.zhaw.ch\/de\/linguistik\/institute-zentren\/iam\/beratung\/\">Beratung<\/a>.<\/p>\n<p>In Aus- und Weiterbildung betreibt das IAM einen Diplom- und einen Nachdiplomstudiengang. Beide sind modular aufgebaut und auf das Bachelor- \/ Master-System ausgerichtet. Zusammen f\u00fchren die beiden Stufen von der Gestaltung zum Management von Kommunikationsprozessen.<\/p>\n<p>Die anwendungsorientierte Forschung am IAM greift l\u00f6sungsorientiert Problemstellungen auf, mit Bezug auf die Berufsfelder Journalismus und Organisationskommunikation. Im Forschungsprozess greift das IAM auf theoretische Wissensbest\u00e4nde und Methoden der Kommunikations-, Medien- und Sprachwissenschaft zur\u00fcck. <a href=\"https:\/\/www.zhaw.ch\/de\/linguistik\/institute-zentren\/iam\/forschung\/\">Forschungsschwerpunkte<\/a> des IAM sind Medienlinguistik, Journalistik, Organisationskommunikation und \u00d6ffentlichkeit sowie Organisationskommunikation und Management.<\/p>\n<p>Die wissenschaftliche Kommunikationsberatung des IAM hat Kunden aus Journalismus und Organisationskommunikation. F\u00fcr sie werden Probleme der \u00f6ffentlichen Kommunikation analysiert und umsetzbare L\u00f6sungen entwickelt \u2013 aufgrund relevanter medien- und kommunikationswissenschaftlicher Erkenntnisse.<\/p>\n<p>Mit drei Diplomjahrg\u00e4ngen und dem voll ausgebauten Nachdiplomangebot hat das IAM gegen f\u00fcnfhundert Studierende.<\/p>\n<p><a href=\"http:\/\/www.zhaw.ch\/linguistik\/iam\" target=\"_blank\">www.zhaw.ch\/linguistik\/iam<\/a><\/p>\n<p>&nbsp;<\/p>\n<\/div>\n","protected":false},"excerpt":{"rendered":"<p>Das IAM professionalisiert Kommunikation in den Berufsfeldern Journalismus und Organisationskommunikation. Es nimmt den ganzen Leistungsauftrag der Hochschulen wahr: Ausbildung, Weiterbildung, Forschung und Beratung. In Aus- und Weiterbildung betreibt das IAM einen Diplom- und einen Nachdiplomstudiengang. Beide sind modular aufgebaut und auf das Bachelor- \/ Master-System ausgerichtet. Zusammen f\u00fchren die beiden Stufen von der Gestaltung zum [&hellip;]<\/p>\n","protected":false},"author":2,"featured_media":0,"parent":0,"menu_order":0,"comment_status":"closed","ping_status":"closed","template":"","meta":{"ngg_post_thumbnail":0,"footnotes":""},"class_list":["post-5","page","type-page","status-publish","hentry"],"yoast_head":"<!-- This site is optimized with the Yoast SEO Premium plugin v27.2 (Yoast SEO v27.2) - https:\/\/yoast.com\/product\/yoast-seo-premium-wordpress\/ -->\n<title>\u00dcber uns - Wissen, was Kommunikation bewegt<\/title>\n<meta name=\"robots\" content=\"index, follow, max-snippet:-1, max-image-preview:large, max-video-preview:-1\" \/>\n<link rel=\"canonical\" href=\"https:\/\/blog.zhaw.ch\/iam\/ueber-uns\/\" \/>\n<meta property=\"og:locale\" content=\"de_DE\" \/>\n<meta property=\"og:type\" content=\"article\" \/>\n<meta property=\"og:title\" content=\"\u00dcber uns\" \/>\n<meta property=\"og:description\" content=\"Das IAM professionalisiert Kommunikation in den Berufsfeldern Journalismus und Organisationskommunikation. Es nimmt den ganzen Leistungsauftrag der Hochschulen wahr: Ausbildung, Weiterbildung, Forschung und Beratung. In Aus- und Weiterbildung betreibt das IAM einen Diplom- und einen Nachdiplomstudiengang. Beide sind modular aufgebaut und auf das Bachelor- \/ Master-System ausgerichtet. Zusammen f\u00fchren die beiden Stufen von der Gestaltung zum [&hellip;]\" \/>\n<meta property=\"og:url\" content=\"https:\/\/blog.zhaw.ch\/iam\/ueber-uns\/\" \/>\n<meta property=\"og:site_name\" content=\"Wissen, was Kommunikation bewegt\" \/>\n<meta property=\"article:modified_time\" content=\"2016-10-24T09:40:28+00:00\" \/>\n<meta name=\"twitter:card\" content=\"summary_large_image\" \/>\n<meta name=\"twitter:label1\" content=\"Gesch\u00e4tzte Lesezeit\" \/>\n\t<meta name=\"twitter:data1\" content=\"1\u00a0Minute\" \/>\n<script type=\"application\/ld+json\" class=\"yoast-schema-graph\">{\"@context\":\"https:\/\/schema.org\",\"@graph\":[{\"@type\":\"WebPage\",\"@id\":\"https:\/\/blog.zhaw.ch\/iam\/ueber-uns\/\",\"url\":\"https:\/\/blog.zhaw.ch\/iam\/ueber-uns\/\",\"name\":\"\u00dcber uns - Wissen, was Kommunikation bewegt\",\"isPartOf\":{\"@id\":\"https:\/\/blog.zhaw.ch\/iam\/#website\"},\"datePublished\":\"2014-03-21T07:51:35+00:00\",\"dateModified\":\"2016-10-24T09:40:28+00:00\",\"breadcrumb\":{\"@id\":\"https:\/\/blog.zhaw.ch\/iam\/ueber-uns\/#breadcrumb\"},\"inLanguage\":\"de\",\"potentialAction\":[{\"@type\":\"ReadAction\",\"target\":[\"https:\/\/blog.zhaw.ch\/iam\/ueber-uns\/\"]}]},{\"@type\":\"BreadcrumbList\",\"@id\":\"https:\/\/blog.zhaw.ch\/iam\/ueber-uns\/#breadcrumb\",\"itemListElement\":[{\"@type\":\"ListItem\",\"position\":1,\"name\":\"Startseite\",\"item\":\"https:\/\/blog.zhaw.ch\/iam\/\"},{\"@type\":\"ListItem\",\"position\":2,\"name\":\"\u00dcber uns\"}]},{\"@type\":\"WebSite\",\"@id\":\"https:\/\/blog.zhaw.ch\/iam\/#website\",\"url\":\"https:\/\/blog.zhaw.ch\/iam\/\",\"name\":\"Wissen, was Kommunikation bewegt\",\"description\":\"Ein Blog der ZHAW Z\u00fcrcher Hochschule f\u00fcr Angewandte Wissenschaften\",\"potentialAction\":[{\"@type\":\"SearchAction\",\"target\":{\"@type\":\"EntryPoint\",\"urlTemplate\":\"https:\/\/blog.zhaw.ch\/iam\/?s={search_term_string}\"},\"query-input\":{\"@type\":\"PropertyValueSpecification\",\"valueRequired\":true,\"valueName\":\"search_term_string\"}}],\"inLanguage\":\"de\"}]}<\/script>\n<!-- \/ Yoast SEO Premium plugin. -->","yoast_head_json":{"title":"\u00dcber uns - Wissen, was Kommunikation bewegt","robots":{"index":"index","follow":"follow","max-snippet":"max-snippet:-1","max-image-preview":"max-image-preview:large","max-video-preview":"max-video-preview:-1"},"canonical":"https:\/\/blog.zhaw.ch\/iam\/ueber-uns\/","og_locale":"de_DE","og_type":"article","og_title":"\u00dcber uns","og_description":"Das IAM professionalisiert Kommunikation in den Berufsfeldern Journalismus und Organisationskommunikation. Es nimmt den ganzen Leistungsauftrag der Hochschulen wahr: Ausbildung, Weiterbildung, Forschung und Beratung. In Aus- und Weiterbildung betreibt das IAM einen Diplom- und einen Nachdiplomstudiengang. Beide sind modular aufgebaut und auf das Bachelor- \/ Master-System ausgerichtet. Zusammen f\u00fchren die beiden Stufen von der Gestaltung zum [&hellip;]","og_url":"https:\/\/blog.zhaw.ch\/iam\/ueber-uns\/","og_site_name":"Wissen, was Kommunikation bewegt","article_modified_time":"2016-10-24T09:40:28+00:00","twitter_card":"summary_large_image","twitter_misc":{"Gesch\u00e4tzte Lesezeit":"1\u00a0Minute"},"schema":{"@context":"https:\/\/schema.org","@graph":[{"@type":"WebPage","@id":"https:\/\/blog.zhaw.ch\/iam\/ueber-uns\/","url":"https:\/\/blog.zhaw.ch\/iam\/ueber-uns\/","name":"\u00dcber uns - Wissen, was Kommunikation bewegt","isPartOf":{"@id":"https:\/\/blog.zhaw.ch\/iam\/#website"},"datePublished":"2014-03-21T07:51:35+00:00","dateModified":"2016-10-24T09:40:28+00:00","breadcrumb":{"@id":"https:\/\/blog.zhaw.ch\/iam\/ueber-uns\/#breadcrumb"},"inLanguage":"de","potentialAction":[{"@type":"ReadAction","target":["https:\/\/blog.zhaw.ch\/iam\/ueber-uns\/"]}]},{"@type":"BreadcrumbList","@id":"https:\/\/blog.zhaw.ch\/iam\/ueber-uns\/#breadcrumb","itemListElement":[{"@type":"ListItem","position":1,"name":"Startseite","item":"https:\/\/blog.zhaw.ch\/iam\/"},{"@type":"ListItem","position":2,"name":"\u00dcber uns"}]},{"@type":"WebSite","@id":"https:\/\/blog.zhaw.ch\/iam\/#website","url":"https:\/\/blog.zhaw.ch\/iam\/","name":"Wissen, was Kommunikation bewegt","description":"Ein Blog der ZHAW Z\u00fcrcher Hochschule f\u00fcr Angewandte Wissenschaften","potentialAction":[{"@type":"SearchAction","target":{"@type":"EntryPoint","urlTemplate":"https:\/\/blog.zhaw.ch\/iam\/?s={search_term_string}"},"query-input":{"@type":"PropertyValueSpecification","valueRequired":true,"valueName":"search_term_string"}}],"inLanguage":"de"}]}},"_links":{"self":[{"href":"https:\/\/blog.zhaw.ch\/iam\/wp-json\/wp\/v2\/pages\/5","targetHints":{"allow":["GET"]}}],"collection":[{"href":"https:\/\/blog.zhaw.ch\/iam\/wp-json\/wp\/v2\/pages"}],"about":[{"href":"https:\/\/blog.zhaw.ch\/iam\/wp-json\/wp\/v2\/types\/page"}],"author":[{"embeddable":true,"href":"https:\/\/blog.zhaw.ch\/iam\/wp-json\/wp\/v2\/users\/2"}],"replies":[{"embeddable":true,"href":"https:\/\/blog.zhaw.ch\/iam\/wp-json\/wp\/v2\/comments?post=5"}],"version-history":[{"count":9,"href":"https:\/\/blog.zhaw.ch\/iam\/wp-json\/wp\/v2\/pages\/5\/revisions"}],"predecessor-version":[{"id":1728,"href":"https:\/\/blog.zhaw.ch\/iam\/wp-json\/wp\/v2\/pages\/5\/revisions\/1728"}],"wp:attachment":[{"href":"https:\/\/blog.zhaw.ch\/iam\/wp-json\/wp\/v2\/media?parent=5"}],"curies":[{"name":"wp","href":"https:\/\/api.w.org\/{rel}","templated":true}]}}