{"version":"1.0","provider_name":"Wissen, was Kommunikation bewegt","provider_url":"https:\/\/blog.zhaw.ch\/iam","author_name":"harz","author_url":"https:\/\/blog.zhaw.ch\/iam\/author\/harz\/","title":"Neuer Leiter IAM","type":"rich","width":600,"height":338,"html":"<blockquote class=\"wp-embedded-content\" data-secret=\"T3DshZ3blN\"><a href=\"https:\/\/blog.zhaw.ch\/iam\/neuer-leiter-iam\/\">Neuer Leiter IAM<\/a><\/blockquote><iframe sandbox=\"allow-scripts\" security=\"restricted\" src=\"https:\/\/blog.zhaw.ch\/iam\/neuer-leiter-iam\/embed\/#?secret=T3DshZ3blN\" width=\"600\" height=\"338\" title=\"&#8222;Neuer Leiter IAM&#8220; &#8211; Wissen, was Kommunikation bewegt\" data-secret=\"T3DshZ3blN\" frameborder=\"0\" marginwidth=\"0\" marginheight=\"0\" scrolling=\"no\" class=\"wp-embedded-content\"><\/iframe><script>\n\/*! This file is auto-generated *\/\n!function(d,l){\"use strict\";l.querySelector&&d.addEventListener&&\"undefined\"!=typeof URL&&(d.wp=d.wp||{},d.wp.receiveEmbedMessage||(d.wp.receiveEmbedMessage=function(e){var t=e.data;if((t||t.secret||t.message||t.value)&&!\/[^a-zA-Z0-9]\/.test(t.secret)){for(var s,r,n,a=l.querySelectorAll('iframe[data-secret=\"'+t.secret+'\"]'),o=l.querySelectorAll('blockquote[data-secret=\"'+t.secret+'\"]'),c=new RegExp(\"^https?:$\",\"i\"),i=0;i<o.length;i++)o[i].style.display=\"none\";for(i=0;i<a.length;i++)s=a[i],e.source===s.contentWindow&&(s.removeAttribute(\"style\"),\"height\"===t.message?(1e3<(r=parseInt(t.value,10))?r=1e3:~~r<200&&(r=200),s.height=r):\"link\"===t.message&&(r=new URL(s.getAttribute(\"src\")),n=new URL(t.value),c.test(n.protocol))&&n.host===r.host&&l.activeElement===s&&(d.top.location.href=t.value))}},d.addEventListener(\"message\",d.wp.receiveEmbedMessage,!1),l.addEventListener(\"DOMContentLoaded\",function(){for(var e,t,s=l.querySelectorAll(\"iframe.wp-embedded-content\"),r=0;r<s.length;r++)(t=(e=s[r]).getAttribute(\"data-secret\"))||(t=Math.random().toString(36).substring(2,12),e.src+=\"#?secret=\"+t,e.setAttribute(\"data-secret\",t)),e.contentWindow.postMessage({message:\"ready\",secret:t},\"*\")},!1)))}(window,document);\n\/\/# sourceURL=https:\/\/blog.zhaw.ch\/iam\/wp-includes\/js\/wp-embed.min.js\n<\/script>\n","thumbnail_url":"https:\/\/blog.zhaw.ch\/iam\/files\/2014\/04\/IAM-Studi-Innenhof.jpg","thumbnail_width":750,"thumbnail_height":499,"description":"Im M\u00e4rz wurde Guido Keel zum neuen Leiter des Instituts f\u00fcr Angewandte Medienwissenschaft (IAM) der ZHAW gew\u00e4hlt. Am 1. Juli hat er sein neues Amt angetreten, und damit die Nachfolge von Daniel Perrin. Was bedeutet der Leitungswechsel f\u00fcr das IAM, f\u00fcr die Studierenden und Partner aus Forschung und Beratung? von Deborah Harzenmoser, Onlinekommunikation IAM Nach [&hellip;]"}

Im März wurde Guido Keel zum neuen Leiter des Instituts für Angewandte Medienwissenschaft (IAM) der ZHAW gewählt. Am 1. Juli hat er sein neues Amt angetreten, und damit die Nachfolge von Daniel Perrin. Was bedeutet der Leitungswechsel für das IAM, für die Studierenden und Partner aus Forschung und Beratung? von Deborah Harzenmoser, Onlinekommunikation IAM Nach [&hellip;]
